Last updated on 2025-07-20 03:49:33 CEST.
Flavor | Version | Tinstall | Tcheck | Ttotal | Status | Flags |
---|---|---|---|---|---|---|
r-devel-linux-x86_64-debian-clang | 0.36.2 | 15.40 | 65.96 | 81.36 | OK | |
r-devel-linux-x86_64-debian-gcc | 0.36.2 | 11.76 | 47.25 | 59.01 | OK | |
r-devel-linux-x86_64-fedora-clang | 0.36.2 | 110.68 | OK | |||
r-devel-linux-x86_64-fedora-gcc | 0.36.2 | 109.46 | OK | |||
r-devel-windows-x86_64 | 0.36.2 | 41.00 | 140.00 | 181.00 | OK | |
r-patched-linux-x86_64 | 0.36.2 | 15.03 | 62.39 | 77.42 | OK | |
r-release-linux-x86_64 | 0.36.2 | 13.66 | 62.34 | 76.00 | OK | |
r-release-macos-arm64 | 0.36.2 | 60.00 | OK | |||
r-release-macos-x86_64 | 0.36.2 | 85.00 | OK | |||
r-release-windows-x86_64 | 0.36.2 | 42.00 | 138.00 | 180.00 | OK | |
r-oldrel-macos-arm64 | 0.36.2 | 70.00 | NOTE | |||
r-oldrel-macos-x86_64 | 0.36.2 | 104.00 | NOTE | |||
r-oldrel-windows-x86_64 | 0.36.2 | 44.00 | 144.00 | 188.00 | OK |
Version: 0.36.2
Check: installed package size
Result: NOTE
installed size is 7.2Mb
sub-directories of 1Mb or more:
libs 6.8Mb
Flavors: r-oldrel-macos-arm64, r-oldrel-macos-x86_64
These binaries (installable software) and packages are in development.
They may not be fully stable and should be used with caution. We make no claims about them.