CRAN Package Check Results for Package gitear

Last updated on 2025-07-25 03:51:24 CEST.

Flavor Version Tinstall Tcheck Ttotal Status Flags
r-devel-linux-x86_64-debian-clang 1.0.0 4.93 48.77 53.70 OK
r-devel-linux-x86_64-debian-gcc 1.0.0 3.30 35.78 39.08 OK
r-devel-linux-x86_64-fedora-clang 1.0.0 82.99 NOTE
r-devel-linux-x86_64-fedora-gcc 1.0.0 89.39 NOTE
r-devel-windows-x86_64 1.0.0 8.00 79.00 87.00 OK
r-patched-linux-x86_64 1.0.0 4.29 44.23 48.52 OK
r-release-linux-x86_64 1.0.0 4.70 44.90 49.60 OK
r-release-macos-arm64 1.0.0 31.00 OK
r-release-macos-x86_64 1.0.0 57.00 OK
r-release-windows-x86_64 1.0.0 6.00 71.00 77.00 OK
r-oldrel-macos-arm64 1.0.0 32.00 NOTE
r-oldrel-macos-x86_64 1.0.0 49.00 NOTE
r-oldrel-windows-x86_64 1.0.0 9.00 80.00 89.00 NOTE

Check Details

Version: 1.0.0
Check: dependencies in R code
Result: NOTE Namespaces in Imports field not imported from: ‘Rcpp’ ‘mockery’ All declared Imports should be used. Flavors: r-devel-linux-x86_64-fedora-clang, r-devel-linux-x86_64-fedora-gcc

Version: 1.0.0
Check: LazyData
Result: NOTE 'LazyData' is specified without a 'data' directory Flavors: r-oldrel-macos-arm64, r-oldrel-macos-x86_64, r-oldrel-windows-x86_64

These binaries (installable software) and packages are in development.
They may not be fully stable and should be used with caution. We make no claims about them.