Last updated on 2025-05-01 12:49:29 CEST.
Flavor | Version | Tinstall | Tcheck | Ttotal | Status | Flags |
---|---|---|---|---|---|---|
r-devel-linux-x86_64-debian-clang | 0.2.2 | 8.43 | 73.52 | 81.95 | NOTE | |
r-devel-linux-x86_64-debian-gcc | 0.2.2 | 4.95 | 51.09 | 56.04 | NOTE | |
r-devel-linux-x86_64-fedora-clang | 0.2.2 | 128.15 | NOTE | |||
r-devel-linux-x86_64-fedora-gcc | 0.2.2 | 137.01 | NOTE | |||
r-devel-windows-x86_64 | 0.2.2 | 10.00 | 83.00 | 93.00 | NOTE | |
r-patched-linux-x86_64 | 0.2.2 | 6.92 | 66.75 | 73.67 | NOTE | |
r-release-linux-x86_64 | NOTE | |||||
r-release-macos-arm64 | 0.2.2 | 40.00 | OK | |||
r-release-macos-x86_64 | 0.2.2 | 90.00 | OK | |||
r-release-windows-x86_64 | 0.2.2 | 10.00 | 84.00 | 94.00 | NOTE | |
r-oldrel-macos-arm64 | 0.2.2 | 41.00 | OK | |||
r-oldrel-macos-x86_64 | 0.2.2 | 63.00 | OK | |||
r-oldrel-windows-x86_64 | 0.2.2 | 11.00 | 101.00 | 112.00 | OK |
Version: 0.2.2
Check: Rd cross-references
Result: NOTE
Found the following Rd file(s) with Rd \link{} targets missing package
anchors:
gh_install_packages.Rd: install_github
Please provide package anchors for all Rd \link{} targets not in the
package itself and the base packages.
Flavors: r-devel-linux-x86_64-debian-clang, r-devel-linux-x86_64-debian-gcc, r-devel-windows-x86_64, r-patched-linux-x86_64, r-release-linux-x86_64, r-release-windows-x86_64
Version: 0.2.2
Check: dependencies in R code
Result: NOTE
Namespace in Imports field not imported from: ‘mockery’
All declared Imports should be used.
Flavors: r-devel-linux-x86_64-fedora-clang, r-devel-linux-x86_64-fedora-gcc
These binaries (installable software) and packages are in development.
They may not be fully stable and should be used with caution. We make no claims about them.