Last updated on 2025-05-01 15:49:32 CEST.
Flavor | Version | Tinstall | Tcheck | Ttotal | Status | Flags |
---|---|---|---|---|---|---|
r-devel-linux-x86_64-debian-clang | 1.0.2 | 1.73 | 20.93 | 22.66 | NOTE | |
r-devel-linux-x86_64-debian-gcc | 1.0.2 | 1.33 | 17.01 | 18.34 | NOTE | |
r-devel-linux-x86_64-fedora-clang | 1.0.2 | 35.94 | NOTE | |||
r-devel-linux-x86_64-fedora-gcc | 1.0.2 | 50.57 | NOTE | |||
r-devel-windows-x86_64 | 1.0.2 | 3.00 | 53.00 | 56.00 | NOTE | |
r-patched-linux-x86_64 | 1.0.2 | 1.76 | 20.04 | 21.80 | NOTE | |
r-release-linux-x86_64 | NOTE | |||||
r-release-macos-arm64 | 1.0.2 | 27.00 | NOTE | |||
r-release-macos-x86_64 | 1.0.2 | 48.00 | NOTE | |||
r-release-windows-x86_64 | 1.0.2 | 4.00 | 61.00 | 65.00 | NOTE | |
r-oldrel-macos-arm64 | 1.0.2 | 21.00 | NOTE | |||
r-oldrel-macos-x86_64 | 1.0.2 | 35.00 | NOTE | |||
r-oldrel-windows-x86_64 | 1.0.2 | 3.00 | 45.00 | 48.00 | NOTE |
Version: 1.0.2
Check: package subdirectories
Result: NOTE
Problems with news in ‘NEWS.md’:
No news entries found.
Flavors: r-devel-linux-x86_64-debian-clang, r-devel-linux-x86_64-debian-gcc, r-devel-linux-x86_64-fedora-clang, r-devel-linux-x86_64-fedora-gcc, r-devel-windows-x86_64, r-patched-linux-x86_64, r-release-linux-x86_64, r-release-macos-arm64, r-release-macos-x86_64, r-release-windows-x86_64, r-oldrel-macos-arm64, r-oldrel-macos-x86_64, r-oldrel-windows-x86_64
These binaries (installable software) and packages are in development.
They may not be fully stable and should be used with caution. We make no claims about them.