Last updated on 2025-05-01 12:49:29 CEST.
Flavor | Version | Tinstall | Tcheck | Ttotal | Status | Flags |
---|---|---|---|---|---|---|
r-devel-linux-x86_64-debian-clang | 1.11 | 3.34 | 16.92 | 20.26 | NOTE | |
r-devel-linux-x86_64-debian-gcc | 1.11 | 2.39 | 14.12 | 16.51 | NOTE | |
r-devel-linux-x86_64-fedora-clang | 1.11 | 31.75 | OK | |||
r-devel-linux-x86_64-fedora-gcc | 1.11 | 31.20 | OK | |||
r-devel-windows-x86_64 | 1.11 | 7.00 | 41.00 | 48.00 | OK | |
r-patched-linux-x86_64 | 1.11 | 2.72 | 16.05 | 18.77 | OK | |
r-release-linux-x86_64 | OK | |||||
r-release-macos-arm64 | 1.11 | 20.00 | OK | |||
r-release-macos-x86_64 | 1.11 | 25.00 | OK | |||
r-release-windows-x86_64 | 1.11 | 7.00 | 45.00 | 52.00 | OK | |
r-oldrel-macos-arm64 | 1.11 | 20.00 | OK | |||
r-oldrel-macos-x86_64 | 1.11 | 20.00 | OK | |||
r-oldrel-windows-x86_64 | 1.11 | 6.00 | 39.00 | 45.00 | OK |
Version: 1.11
Check: CRAN incoming feasibility
Result: NOTE
Maintainer: ‘Rob Tibshirani <tibs@stat.stanford.edu>’
No Authors@R field in DESCRIPTION.
Please add one, modifying
Authors@R: c(person(given = "Jerome",
family = "Friedman",
role = "aut"),
person(given = "Trevor",
family = "Hastie",
role = "aut"),
person(given = "Rob",
family = "Tibshirani",
role = c("aut", "cre"),
email = "tibs@stat.stanford.edu"))
as necessary.
Flavors: r-devel-linux-x86_64-debian-clang, r-devel-linux-x86_64-debian-gcc
These binaries (installable software) and packages are in development.
They may not be fully stable and should be used with caution. We make no claims about them.