CRAN Package Check Results for Package glasso

Last updated on 2025-11-12 12:53:11 CET.

Flavor Version Tinstall Tcheck Ttotal Status Flags
r-devel-linux-x86_64-debian-clang 1.11 3.47 18.55 22.02 NOTE
r-devel-linux-x86_64-debian-gcc 1.11 2.34 15.36 17.70 NOTE
r-devel-linux-x86_64-fedora-clang 1.11 32.61 OK
r-devel-linux-x86_64-fedora-gcc 1.11 29.96 OK
r-devel-windows-x86_64 1.11 6.00 39.00 45.00 OK
r-patched-linux-x86_64 1.11 2.54 17.39 19.93 OK
r-release-linux-x86_64 1.11 2.69 17.20 19.89 OK
r-release-macos-arm64 1.11 3.00 17.00 20.00 OK
r-release-macos-x86_64 1.11 5.00 20.00 25.00 OK
r-release-windows-x86_64 1.11 6.00 39.00 45.00 OK
r-oldrel-macos-arm64 1.11 2.00 18.00 20.00 OK
r-oldrel-macos-x86_64 1.11 4.00 16.00 20.00 OK
r-oldrel-windows-x86_64 1.11 6.00 39.00 45.00 OK

Check Details

Version: 1.11
Check: CRAN incoming feasibility
Result: NOTE Maintainer: ‘Rob Tibshirani <tibs@stat.stanford.edu>’ No Authors@R field in DESCRIPTION. Please add one, modifying Authors@R: c(person(given = "Jerome", family = "Friedman", role = "aut"), person(given = "Trevor", family = "Hastie", role = "aut"), person(given = "Rob", family = "Tibshirani", role = c("aut", "cre"), email = "tibs@stat.stanford.edu")) as necessary. Flavors: r-devel-linux-x86_64-debian-clang, r-devel-linux-x86_64-debian-gcc

These binaries (installable software) and packages are in development.
They may not be fully stable and should be used with caution. We make no claims about them.