Last updated on 2025-10-23 17:50:49 CEST.
| Flavor | Version | Tinstall | Tcheck | Ttotal | Status | Flags |
|---|---|---|---|---|---|---|
| r-devel-linux-x86_64-debian-clang | 1.0.1 | 2.58 | 18.40 | 20.98 | NOTE | |
| r-devel-linux-x86_64-debian-gcc | 1.0.1 | 1.99 | 15.39 | 17.38 | NOTE | |
| r-devel-linux-x86_64-fedora-clang | 1.0.1 | 29.71 | OK | |||
| r-devel-linux-x86_64-fedora-gcc | 1.0.1 | 28.32 | OK | |||
| r-devel-windows-x86_64 | 1.0.1 | 6.00 | 46.00 | 52.00 | OK | |
| r-patched-linux-x86_64 | 1.0.1 | 2.38 | 17.07 | 19.45 | OK | |
| r-release-linux-x86_64 | 1.0.1 | 2.22 | 17.02 | 19.24 | OK | |
| r-release-macos-arm64 | 1.0.1 | 3.00 | 21.00 | 24.00 | OK | |
| r-release-macos-x86_64 | 1.0.1 | 4.00 | 24.00 | 28.00 | OK | |
| r-release-windows-x86_64 | 1.0.1 | 8.00 | 52.00 | 60.00 | OK | |
| r-oldrel-macos-arm64 | 1.0.1 | 2.00 | 14.00 | 16.00 | OK | |
| r-oldrel-macos-x86_64 | 1.0.1 | 3.00 | 22.00 | 25.00 | OK | |
| r-oldrel-windows-x86_64 | 1.0.1 | 5.00 | 45.00 | 50.00 | OK |
Version: 1.0.1
Check: CRAN incoming feasibility
Result: NOTE
Maintainer: ‘Julien Clavel <julien.clavel@hotmail.fr>’
No Authors@R field in DESCRIPTION.
Please add one, modifying
Authors@R: c(person(given = c("Matyas", "A"),
family = "Sustik",
role = c("aut", "cph")),
person(given = "Ben",
family = "Calderhead",
role = c("aut", "cph")),
person(given = "Julien",
family = "Clavel",
role = c("com", "ctb", "cre"),
email = "julien.clavel@hotmail.fr"))
as necessary.
Flavors: r-devel-linux-x86_64-debian-clang, r-devel-linux-x86_64-debian-gcc
These binaries (installable software) and packages are in development.
They may not be fully stable and should be used with caution. We make no claims about them.