Last updated on 2025-10-03 13:49:35 CEST.
Flavor | Version | Tinstall | Tcheck | Ttotal | Status | Flags |
---|---|---|---|---|---|---|
r-devel-linux-x86_64-debian-clang | 0.2.1 | 2.12 | 26.23 | 28.35 | NOTE | |
r-devel-linux-x86_64-debian-gcc | 0.2.1 | 1.52 | 20.57 | 22.09 | NOTE | |
r-devel-linux-x86_64-fedora-clang | 0.2.1 | 39.81 | OK | |||
r-devel-linux-x86_64-fedora-gcc | 0.2.1 | 39.16 | OK | |||
r-devel-windows-x86_64 | 0.2.1 | 3.00 | 49.00 | 52.00 | OK | |
r-patched-linux-x86_64 | 0.2.1 | 2.25 | 24.58 | 26.83 | OK | |
r-release-linux-x86_64 | 0.2.1 | 2.13 | 24.96 | 27.09 | OK | |
r-release-macos-arm64 | 0.2.1 | 19.00 | OK | |||
r-release-macos-x86_64 | 0.2.1 | 28.00 | OK | |||
r-release-windows-x86_64 | 0.2.1 | 3.00 | 56.00 | 59.00 | OK | |
r-oldrel-macos-arm64 | 0.2.1 | 18.00 | OK | |||
r-oldrel-macos-x86_64 | 0.2.1 | 27.00 | OK | |||
r-oldrel-windows-x86_64 | 0.2.1 | 3.00 | 50.00 | 53.00 | OK |
Version: 0.2.1
Check: CRAN incoming feasibility
Result: NOTE
Maintainer: ‘Ingmar Visser <i.visser@uva.nl>’
No Authors@R field in DESCRIPTION.
Please add one, modifying
Authors@R: person(given = "Ingmar",
family = "Visser",
role = c("aut", "cre"),
email = "i.visser@uva.nl")
as necessary.
Flavors: r-devel-linux-x86_64-debian-clang, r-devel-linux-x86_64-debian-gcc
These binaries (installable software) and packages are in development.
They may not be fully stable and should be used with caution. We make no claims about them.