CRAN Package Check Results for Package glm.deploy

Last updated on 2025-05-08 04:52:06 CEST.

Flavor Version Tinstall Tcheck Ttotal Status Flags
r-devel-linux-x86_64-debian-clang 1.0.4 11.27 25.30 36.57 OK
r-devel-linux-x86_64-debian-gcc 1.0.4 9.93 20.61 30.54 OK
r-devel-linux-x86_64-fedora-clang 1.0.4 61.04 OK
r-devel-linux-x86_64-fedora-gcc 1.0.4 73.02 OK
r-devel-windows-x86_64 1.0.4 15.00 63.00 78.00 OK
r-patched-linux-x86_64 1.0.4 13.12 23.96 37.08 OK
r-release-linux-x86_64 1.0.4 12.76 24.06 36.82 OK
r-release-macos-arm64 1.0.4 24.00 OK
r-release-macos-x86_64 1.0.4 46.00 OK
r-release-windows-x86_64 1.0.4 17.00 63.00 80.00 OK
r-oldrel-macos-arm64 1.0.4 23.00 NOTE
r-oldrel-macos-x86_64 1.0.4 31.00 NOTE
r-oldrel-windows-x86_64 1.0.4 15.00 71.00 86.00 NOTE

Check Details

Version: 1.0.4
Check: LazyData
Result: NOTE 'LazyData' is specified without a 'data' directory Flavors: r-oldrel-macos-arm64, r-oldrel-macos-x86_64, r-oldrel-windows-x86_64

These binaries (installable software) and packages are in development.
They may not be fully stable and should be used with caution. We make no claims about them.