Last updated on 2025-07-19 15:51:14 CEST.
Flavor | Version | Tinstall | Tcheck | Ttotal | Status | Flags |
---|---|---|---|---|---|---|
r-devel-linux-x86_64-debian-clang | 4.3-0 | 11.24 | 149.79 | 161.03 | NOTE | |
r-devel-linux-x86_64-debian-gcc | 4.3-0 | 7.36 | 101.83 | 109.19 | NOTE | |
r-devel-linux-x86_64-fedora-clang | 4.3-0 | 235.95 | OK | |||
r-devel-linux-x86_64-fedora-gcc | 4.3-0 | 267.27 | OK | |||
r-devel-windows-x86_64 | 4.3-0 | 12.00 | 158.00 | 170.00 | OK | |
r-patched-linux-x86_64 | 4.3-0 | 11.70 | 138.97 | 150.67 | OK | |
r-release-linux-x86_64 | 4.3-0 | 10.88 | 143.59 | 154.47 | OK | |
r-release-macos-arm64 | 4.3-0 | 87.00 | OK | |||
r-release-macos-x86_64 | 4.3-0 | 160.00 | OK | |||
r-release-windows-x86_64 | 4.3-0 | 13.00 | 159.00 | 172.00 | OK | |
r-oldrel-macos-arm64 | 4.3-0 | 77.00 | OK | |||
r-oldrel-macos-x86_64 | 4.3-0 | 121.00 | OK | |||
r-oldrel-windows-x86_64 | 4.3-0 | 17.00 | 201.00 | 218.00 | OK |
Version: 4.3-0
Check: CRAN incoming feasibility
Result: NOTE
Maintainer: ‘Benjamin E. Schlegel <kontakt@benjaminschlegel.ch>’
No Authors@R field in DESCRIPTION.
Please add one, modifying
Authors@R: person(given = c("Benjamin", "E."),
family = "Schlegel",
role = c("aut", "cre"),
email = "kontakt@benjaminschlegel.ch")
as necessary.
Flavors: r-devel-linux-x86_64-debian-clang, r-devel-linux-x86_64-debian-gcc
These binaries (installable software) and packages are in development.
They may not be fully stable and should be used with caution. We make no claims about them.