CRAN Package Check Results for Package glm2

Last updated on 2025-07-02 01:51:39 CEST.

Flavor Version Tinstall Tcheck Ttotal Status Flags
r-devel-linux-x86_64-debian-clang 1.2.1 2.04 19.95 21.99 NOTE
r-devel-linux-x86_64-debian-gcc 1.2.1 1.63 16.44 18.07 NOTE
r-devel-linux-x86_64-fedora-clang 1.2.1 33.89 OK
r-devel-linux-x86_64-fedora-gcc 1.2.1 31.59 OK
r-devel-windows-x86_64 1.2.1 4.00 43.00 47.00 OK
r-patched-linux-x86_64 OK
r-release-linux-x86_64 1.2.1 1.70 18.78 20.48 OK
r-release-macos-arm64 1.2.1 25.00 OK
r-release-macos-x86_64 1.2.1 26.00 OK
r-release-windows-x86_64 1.2.1 3.00 46.00 49.00 OK
r-oldrel-macos-arm64 1.2.1 21.00 OK
r-oldrel-macos-x86_64 1.2.1 22.00 OK
r-oldrel-windows-x86_64 1.2.1 3.00 41.00 44.00 OK

Check Details

Version: 1.2.1
Check: CRAN incoming feasibility
Result: NOTE Maintainer: ‘Mark W. Donoghoe <markdonoghoe@gmail.com>’ Package CITATION file contains call(s) to old-style citEntry(). Please use bibentry() instead. Flavors: r-devel-linux-x86_64-debian-clang, r-devel-linux-x86_64-debian-gcc

These binaries (installable software) and packages are in development.
They may not be fully stable and should be used with caution. We make no claims about them.