Last updated on 2025-02-02 22:49:53 CET.
Flavor | Version | Tinstall | Tcheck | Ttotal | Status | Flags |
---|---|---|---|---|---|---|
r-devel-linux-x86_64-debian-clang | 0.1.0 | 4.92 | 38.85 | 43.77 | OK | |
r-devel-linux-x86_64-debian-gcc | 0.1.0 | 3.95 | 28.49 | 32.44 | OK | |
r-devel-linux-x86_64-fedora-clang | 0.1.0 | 71.75 | OK | |||
r-devel-linux-x86_64-fedora-gcc | 0.1.0 | 63.72 | OK | |||
r-devel-windows-x86_64 | 0.1.0 | 6.00 | 54.00 | 60.00 | OK | |
r-patched-linux-x86_64 | 0.1.0 | 4.88 | 35.29 | 40.17 | NOTE | |
r-release-linux-x86_64 | 0.1.0 | 4.91 | 35.41 | 40.32 | NOTE | |
r-release-macos-arm64 | 0.1.0 | 24.00 | NOTE | |||
r-release-macos-x86_64 | 0.1.0 | 33.00 | NOTE | |||
r-release-windows-x86_64 | 0.1.0 | 7.00 | 52.00 | 59.00 | NOTE | |
r-oldrel-macos-arm64 | 0.1.0 | 25.00 | NOTE | |||
r-oldrel-macos-x86_64 | 0.1.0 | 37.00 | NOTE | |||
r-oldrel-windows-x86_64 | 0.1.0 | 7.00 | 62.00 | 69.00 | NOTE |
Version: 0.1.0
Check: LazyData
Result: NOTE
'LazyData' is specified without a 'data' directory
Flavors: r-patched-linux-x86_64, r-release-linux-x86_64, r-release-macos-arm64, r-release-macos-x86_64, r-release-windows-x86_64, r-oldrel-macos-arm64, r-oldrel-macos-x86_64, r-oldrel-windows-x86_64
These binaries (installable software) and packages are in development.
They may not be fully stable and should be used with caution. We make no claims about them.