Last updated on 2025-07-24 01:50:21 CEST.
Flavor | Version | Tinstall | Tcheck | Ttotal | Status | Flags |
---|---|---|---|---|---|---|
r-devel-linux-x86_64-debian-clang | 0.5.5 | 13.73 | 182.28 | 196.01 | NOTE | |
r-devel-linux-x86_64-debian-gcc | 0.5.5 | 10.64 | 127.59 | 138.23 | NOTE | |
r-devel-linux-x86_64-fedora-clang | 0.5.5 | 300.16 | OK | |||
r-devel-linux-x86_64-fedora-gcc | 0.5.5 | 311.64 | OK | |||
r-devel-windows-x86_64 | 0.5.5 | 18.00 | 177.00 | 195.00 | NOTE | |
r-patched-linux-x86_64 | 0.5.5 | 15.81 | 170.92 | 186.73 | NOTE | |
r-release-linux-x86_64 | 0.5.5 | 13.94 | 171.16 | 185.10 | NOTE | |
r-release-macos-arm64 | 0.5.5 | 93.00 | OK | |||
r-release-macos-x86_64 | 0.5.5 | 160.00 | OK | |||
r-release-windows-x86_64 | 0.5.5 | 17.00 | 183.00 | 200.00 | NOTE | |
r-oldrel-macos-arm64 | 0.5.5 | 91.00 | OK | |||
r-oldrel-macos-x86_64 | 0.5.5 | 128.00 | OK | |||
r-oldrel-windows-x86_64 | 0.5.5 | 23.00 | 219.00 | 242.00 | OK |
Version: 0.5.5
Check: Rd cross-references
Result: NOTE
Found the following Rd file(s) with Rd \link{} targets missing package
anchors:
glmmRefit.Rd: glmmTMB
Please provide package anchors for all Rd \link{} targets not in the
package itself and the base packages.
Flavors: r-devel-linux-x86_64-debian-clang, r-devel-linux-x86_64-debian-gcc, r-devel-windows-x86_64, r-patched-linux-x86_64, r-release-linux-x86_64, r-release-windows-x86_64
These binaries (installable software) and packages are in development.
They may not be fully stable and should be used with caution. We make no claims about them.