Last updated on 2025-10-03 05:53:33 CEST.
Flavor | Version | Tinstall | Tcheck | Ttotal | Status | Flags |
---|---|---|---|---|---|---|
r-devel-linux-x86_64-debian-clang | 0.5.5 | 16.95 | 190.76 | 207.71 | NOTE | |
r-devel-linux-x86_64-debian-gcc | 0.5.7 | 11.84 | 133.83 | 145.67 | OK | |
r-devel-linux-x86_64-fedora-clang | 0.5.7 | 244.29 | OK | |||
r-devel-linux-x86_64-fedora-gcc | 0.5.7 | 353.41 | OK | |||
r-devel-windows-x86_64 | 0.5.5 | 21.00 | 186.00 | 207.00 | NOTE | |
r-patched-linux-x86_64 | 0.5.5 | 15.04 | 180.81 | 195.85 | NOTE | |
r-release-linux-x86_64 | 0.5.5 | 14.75 | 183.61 | 198.36 | NOTE | |
r-release-macos-arm64 | 0.5.5 | 93.00 | OK | |||
r-release-macos-x86_64 | 0.5.7 | 159.00 | OK | |||
r-release-windows-x86_64 | 0.5.5 | 19.00 | 191.00 | 210.00 | NOTE | |
r-oldrel-macos-arm64 | 0.5.5 | 91.00 | OK | |||
r-oldrel-macos-x86_64 | 0.5.7 | 175.00 | OK | |||
r-oldrel-windows-x86_64 | 0.5.7 | 16.00 | 243.00 | 259.00 | OK |
Version: 0.5.5
Check: Rd cross-references
Result: NOTE
Found the following Rd file(s) with Rd \link{} targets missing package
anchors:
glmmRefit.Rd: glmmTMB
Please provide package anchors for all Rd \link{} targets not in the
package itself and the base packages.
Flavors: r-devel-linux-x86_64-debian-clang, r-devel-windows-x86_64, r-patched-linux-x86_64, r-release-linux-x86_64, r-release-windows-x86_64
These binaries (installable software) and packages are in development.
They may not be fully stable and should be used with caution. We make no claims about them.