CRAN Package Check Results for Package glmmSeq

Last updated on 2025-02-21 15:51:50 CET.

Flavor Version Tinstall Tcheck Ttotal Status Flags
r-devel-linux-x86_64-debian-clang 0.5.5 14.62 173.54 188.16 NOTE
r-devel-linux-x86_64-debian-gcc 0.5.5 10.04 118.18 128.22 NOTE
r-devel-linux-x86_64-fedora-clang 0.5.5 332.44 OK
r-devel-linux-x86_64-fedora-gcc 0.5.5 320.53 OK
r-devel-macos-arm64 0.5.5 90.00 OK
r-devel-macos-x86_64 0.5.5 160.00 OK
r-devel-windows-x86_64 0.5.5 16.00 168.00 184.00 NOTE
r-patched-linux-x86_64 0.5.5 22.51 167.07 189.58 OK
r-release-linux-x86_64 0.5.5 11.87 161.75 173.62 OK
r-release-macos-arm64 0.5.5 91.00 OK
r-release-macos-x86_64 0.5.5 128.00 OK
r-release-windows-x86_64 0.5.5 16.00 179.00 195.00 OK
r-oldrel-macos-arm64 0.5.5 95.00 OK
r-oldrel-macos-x86_64 0.5.5 145.00 OK
r-oldrel-windows-x86_64 0.5.5 22.00 234.00 256.00 OK

Additional issues

noSuggests

Check Details

Version: 0.5.5
Check: Rd cross-references
Result: NOTE Found the following Rd file(s) with Rd \link{} targets missing package anchors: glmmRefit.Rd: glmmTMB Please provide package anchors for all Rd \link{} targets not in the package itself and the base packages. Flavors: r-devel-linux-x86_64-debian-clang, r-devel-linux-x86_64-debian-gcc, r-devel-windows-x86_64

These binaries (installable software) and packages are in development.
They may not be fully stable and should be used with caution. We make no claims about them.