Last updated on 2025-02-07 05:50:39 CET.
Flavor | Version | Tinstall | Tcheck | Ttotal | Status | Flags |
---|---|---|---|---|---|---|
r-devel-linux-x86_64-debian-clang | 0.1.8 | 230.22 | 148.56 | 378.78 | OK | |
r-devel-linux-x86_64-debian-gcc | 0.1.8 | 187.61 | 117.71 | 305.32 | OK | |
r-devel-linux-x86_64-fedora-clang | 0.1.8 | 564.74 | OK | |||
r-devel-linux-x86_64-fedora-gcc | 0.1.8 | 729.42 | OK | |||
r-devel-windows-x86_64 | 0.1.8 | 187.00 | 177.00 | 364.00 | OK | |
r-patched-linux-x86_64 | 0.1.8 | 256.98 | 155.14 | 412.12 | NOTE | |
r-release-linux-x86_64 | 0.1.8 | 240.05 | 153.70 | 393.75 | NOTE | |
r-release-macos-arm64 | 0.1.8 | 83.00 | NOTE | |||
r-release-macos-x86_64 | 0.1.8 | 154.00 | NOTE | |||
r-release-windows-x86_64 | 0.1.8 | 197.00 | 181.00 | 378.00 | NOTE | |
r-oldrel-macos-arm64 | 0.1.8 | 145.00 | NOTE | |||
r-oldrel-macos-x86_64 | 0.1.8 | 337.00 | NOTE | |||
r-oldrel-windows-x86_64 | 0.1.8 | 264.00 | 212.00 | 476.00 | NOTE |
Version: 0.1.8
Check: for GNU extensions in Makefiles
Result: NOTE
GNU make is a SystemRequirements.
Flavors: r-patched-linux-x86_64, r-release-linux-x86_64, r-release-macos-arm64, r-release-macos-x86_64, r-release-windows-x86_64, r-oldrel-macos-arm64, r-oldrel-macos-x86_64, r-oldrel-windows-x86_64
Version: 0.1.8
Check: installed package size
Result: NOTE
installed size is 93.0Mb
sub-directories of 1Mb or more:
libs 92.3Mb
Flavors: r-release-macos-arm64, r-release-macos-x86_64, r-oldrel-macos-arm64, r-oldrel-macos-x86_64
These binaries (installable software) and packages are in development.
They may not be fully stable and should be used with caution. We make no claims about them.