Last updated on 2025-05-01 08:52:34 CEST.
Flavor | Version | Tinstall | Tcheck | Ttotal | Status | Flags |
---|---|---|---|---|---|---|
r-devel-linux-x86_64-debian-clang | 0.1.8 | 237.21 | 148.58 | 385.79 | OK | |
r-devel-linux-x86_64-debian-gcc | 0.1.8 | 189.03 | 122.79 | 311.82 | OK | |
r-devel-linux-x86_64-fedora-clang | 0.1.8 | 556.79 | OK | |||
r-devel-linux-x86_64-fedora-gcc | 0.1.8 | 695.10 | OK | |||
r-devel-windows-x86_64 | 0.1.8 | 208.00 | 194.00 | 402.00 | OK | |
r-patched-linux-x86_64 | 0.1.8 | 231.56 | 161.93 | 393.49 | OK | |
r-release-linux-x86_64 | OK | |||||
r-release-macos-arm64 | 0.1.8 | 143.00 | OK | |||
r-release-macos-x86_64 | 0.1.8 | 355.00 | OK | |||
r-release-windows-x86_64 | 0.1.8 | 214.00 | 193.00 | 407.00 | OK | |
r-oldrel-macos-arm64 | 0.1.8 | 83.00 | NOTE | |||
r-oldrel-macos-x86_64 | 0.1.8 | 154.00 | NOTE | |||
r-oldrel-windows-x86_64 | 0.1.8 | 247.00 | 234.00 | 481.00 | NOTE |
Version: 0.1.8
Check: installed package size
Result: NOTE
installed size is 93.0Mb
sub-directories of 1Mb or more:
libs 92.3Mb
Flavors: r-oldrel-macos-arm64, r-oldrel-macos-x86_64
Version: 0.1.8
Check: for GNU extensions in Makefiles
Result: NOTE
GNU make is a SystemRequirements.
Flavors: r-oldrel-macos-arm64, r-oldrel-macos-x86_64, r-oldrel-windows-x86_64
These binaries (installable software) and packages are in development.
They may not be fully stable and should be used with caution. We make no claims about them.