Last updated on 2025-07-02 01:51:39 CEST.
Flavor | Version | Tinstall | Tcheck | Ttotal | Status | Flags |
---|---|---|---|---|---|---|
r-devel-linux-x86_64-debian-clang | 0.3.6 | 152.70 | 144.09 | 296.79 | OK | |
r-devel-linux-x86_64-debian-gcc | 0.3.6 | 169.43 | 118.86 | 288.29 | OK | |
r-devel-linux-x86_64-fedora-clang | 0.3.6 | 496.47 | OK | |||
r-devel-linux-x86_64-fedora-gcc | 0.3.6 | 579.34 | OK | |||
r-devel-windows-x86_64 | 0.3.6 | 180.00 | 178.00 | 358.00 | OK | |
r-patched-linux-x86_64 | OK | |||||
r-release-linux-x86_64 | 0.3.6 | 202.23 | 158.32 | 360.55 | OK | |
r-release-macos-arm64 | 0.3.6 | 109.00 | OK | |||
r-release-macos-x86_64 | 0.3.6 | 186.00 | OK | |||
r-release-windows-x86_64 | 0.3.6 | 176.00 | 176.00 | 352.00 | OK | |
r-oldrel-macos-arm64 | 0.3.6 | 106.00 | NOTE | |||
r-oldrel-macos-x86_64 | 0.3.6 | 167.00 | NOTE | |||
r-oldrel-windows-x86_64 | 0.3.6 | 217.00 | 213.00 | 430.00 | OK |
Version: 0.3.6
Check: installed package size
Result: NOTE
installed size is 45.7Mb
sub-directories of 1Mb or more:
libs 45.5Mb
Flavors: r-oldrel-macos-arm64, r-oldrel-macos-x86_64
These binaries (installable software) and packages are in development.
They may not be fully stable and should be used with caution. We make no claims about them.