Last updated on 2025-10-23 17:50:49 CEST.
Flavor | Version | Tinstall | Tcheck | Ttotal | Status | Flags |
---|---|---|---|---|---|---|
r-devel-linux-x86_64-debian-clang | 0.6-2 | 62.32 | 334.15 | 396.47 | OK | |
r-devel-linux-x86_64-debian-gcc | 0.6-2 | 38.68 | 225.08 | 263.76 | OK | |
r-devel-linux-x86_64-fedora-clang | 0.6-2 | 320.00 | 368.33 | 688.33 | NOTE | |
r-devel-linux-x86_64-fedora-gcc | 0.6-2 | 243.00 | 437.57 | 680.57 | NOTE | |
r-devel-windows-x86_64 | 0.6-2 | 50.00 | 235.00 | 285.00 | OK | |
r-patched-linux-x86_64 | 0.6-2 | 61.89 | 320.97 | 382.86 | OK | |
r-release-linux-x86_64 | 0.6-2 | 53.21 | 322.56 | 375.77 | OK | |
r-release-macos-arm64 | 0.6-2 | 23.00 | 102.00 | 125.00 | OK | |
r-release-macos-x86_64 | 0.6-2 | 45.00 | 230.00 | 275.00 | OK | |
r-release-windows-x86_64 | 0.6-2 | 50.00 | 239.00 | 289.00 | OK | |
r-oldrel-macos-arm64 | 0.6-2 | 28.00 | 121.00 | 149.00 | OK | |
r-oldrel-macos-x86_64 | 0.6-2 | 48.00 | 222.00 | 270.00 | OK | |
r-oldrel-windows-x86_64 | 0.6-2 | 70.00 | 319.00 | 389.00 | WARN |
Version: 0.6-2
Check: dependencies in R code
Result: NOTE
Namespaces in Imports field not imported from:
‘DiceKriging’ ‘rgenoud’
All declared Imports should be used.
Flavors: r-devel-linux-x86_64-fedora-clang, r-devel-linux-x86_64-fedora-gcc
Version: 0.6-2
Check: whether package can be installed
Result: WARN
Found the following significant warnings:
Warning: Torch libraries are installed but loading them caused a segfault.
Flavor: r-oldrel-windows-x86_64
These binaries (installable software) and packages are in development.
They may not be fully stable and should be used with caution. We make no claims about them.