CRAN Package Check Results for Package glmtree

Last updated on 2025-05-01 15:49:32 CEST.

Flavor Version Tinstall Tcheck Ttotal Status Flags
r-devel-linux-x86_64-debian-clang 0.3.1 2.09 107.44 109.53 NOTE
r-devel-linux-x86_64-debian-gcc 0.3.1 2.08 76.13 78.21 OK
r-devel-linux-x86_64-fedora-clang 0.3.1 181.15 OK
r-devel-linux-x86_64-fedora-gcc 0.3.1 191.17 OK
r-devel-windows-x86_64 0.3.1 4.00 121.00 125.00 OK
r-patched-linux-x86_64 0.3.1 2.57 106.90 109.47 OK
r-release-linux-x86_64 OK
r-release-macos-arm64 0.3.1 58.00 OK
r-release-macos-x86_64 0.3.1 65.00 ERROR
r-release-windows-x86_64 0.3.1 5.00 122.00 127.00 OK
r-oldrel-macos-arm64 0.3.1 63.00 OK
r-oldrel-macos-x86_64 0.3.1 98.00 OK
r-oldrel-windows-x86_64 0.3.1 5.00 147.00 152.00 OK

Check Details

Version: 0.3.1
Check: examples
Result: NOTE Examples with CPU (user + system) or elapsed time > 5s user system elapsed glmtree 7.968 0.315 9.751 Flavor: r-devel-linux-x86_64-debian-clang

Version: 0.3.1
Check: examples
Result: NA user system elapsed glmtree 4.684 0.125 5.76 OK Flavor: r-devel-linux-x86_64-debian-gcc

Version: 0.3.1
Check: re-building of vignette outputs
Result: ERROR Error(s) in re-building vignettes: --- re-building ‘glmtree.Rmd’ using rmarkdown Quitting from lines 31-51 [segmentation_pca1] (glmtree.Rmd) Error: processing vignette 'glmtree.Rmd' failed with diagnostics: there is no package called 'FactoMineR' --- failed re-building ‘glmtree.Rmd’ SUMMARY: processing the following file failed: ‘glmtree.Rmd’ Error: Vignette re-building failed. Execution halted Flavor: r-release-macos-x86_64

These binaries (installable software) and packages are in development.
They may not be fully stable and should be used with caution. We make no claims about them.