CRAN Package Check Results for Package glmvsd

Last updated on 2025-05-08 04:52:06 CEST.

Flavor Version Tinstall Tcheck Ttotal Status Flags
r-devel-linux-x86_64-debian-clang 1.5 6.85 59.97 66.82 NOTE
r-devel-linux-x86_64-debian-gcc 1.5 4.68 43.98 48.66 NOTE
r-devel-linux-x86_64-fedora-clang 1.5 106.77 OK
r-devel-linux-x86_64-fedora-gcc 1.5 110.97 OK
r-devel-windows-x86_64 1.5 8.00 71.00 79.00 OK
r-patched-linux-x86_64 1.5 6.87 58.12 64.99 OK
r-release-linux-x86_64 1.5 7.62 58.56 66.18 OK
r-release-macos-arm64 1.5 38.00 OK
r-release-macos-x86_64 1.5 68.00 OK
r-release-windows-x86_64 1.5 10.00 70.00 80.00 OK
r-oldrel-macos-arm64 1.5 34.00 OK
r-oldrel-macos-x86_64 1.5 49.00 OK
r-oldrel-windows-x86_64 1.5 11.00 84.00 95.00 OK

Check Details

Version: 1.5
Check: CRAN incoming feasibility
Result: NOTE Maintainer: ‘Yi Yang <yi.yang6@mcgill.ca>’ No Authors@R field in DESCRIPTION. Please add one, modifying Authors@R: c(person(given = "Ying", family = "Nan", role = "aut", email = "nanx0006@gmail.com"), person(given = "Yanjia", family = "Yu", role = "aut", email = "yuxxx748@umn.edu"), person(given = "Yi", family = "Yang", role = c("aut", "cre"), email = "yi.yang6@mcgill.ca"), person(given = "Yuhong", family = "Yang", role = "aut", email = "yyang@stat.umn.edu")) as necessary. Flavors: r-devel-linux-x86_64-debian-clang, r-devel-linux-x86_64-debian-gcc

These binaries (installable software) and packages are in development.
They may not be fully stable and should be used with caution. We make no claims about them.