Last updated on 2025-11-13 01:50:22 CET.
| Flavor | Version | Tinstall | Tcheck | Ttotal | Status | Flags |
|---|---|---|---|---|---|---|
| r-devel-linux-x86_64-debian-clang | 1.5 | 7.28 | 61.46 | 68.74 | NOTE | |
| r-devel-linux-x86_64-debian-gcc | 1.5 | 5.74 | 45.75 | 51.49 | NOTE | |
| r-devel-linux-x86_64-fedora-clang | 1.5 | 54.00 | 62.07 | 116.07 | OK | |
| r-devel-linux-x86_64-fedora-gcc | 1.5 | 18.00 | 81.54 | 99.54 | OK | |
| r-devel-windows-x86_64 | 1.5 | 9.00 | 68.00 | 77.00 | OK | |
| r-patched-linux-x86_64 | 1.5 | 6.76 | 59.33 | 66.09 | OK | |
| r-release-linux-x86_64 | 1.5 | 6.42 | 58.64 | 65.06 | OK | |
| r-release-macos-arm64 | 1.5 | 4.00 | 34.00 | 38.00 | OK | |
| r-release-macos-x86_64 | 1.5 | 7.00 | 61.00 | 68.00 | OK | |
| r-release-windows-x86_64 | 1.5 | 9.00 | 68.00 | 77.00 | OK | |
| r-oldrel-macos-arm64 | 1.5 | 4.00 | 30.00 | 34.00 | OK | |
| r-oldrel-macos-x86_64 | 1.5 | 5.00 | 44.00 | 49.00 | OK | |
| r-oldrel-windows-x86_64 | 1.5 | 12.00 | 87.00 | 99.00 | OK |
Version: 1.5
Check: CRAN incoming feasibility
Result: NOTE
Maintainer: ‘Yi Yang <yi.yang6@mcgill.ca>’
No Authors@R field in DESCRIPTION.
Please add one, modifying
Authors@R: c(person(given = "Ying",
family = "Nan",
role = "aut",
email = "nanx0006@gmail.com"),
person(given = "Yanjia",
family = "Yu",
role = "aut",
email = "yuxxx748@umn.edu"),
person(given = "Yi",
family = "Yang",
role = c("aut", "cre"),
email = "yi.yang6@mcgill.ca"),
person(given = "Yuhong",
family = "Yang",
role = "aut",
email = "yyang@stat.umn.edu"))
as necessary.
Flavors: r-devel-linux-x86_64-debian-clang, r-devel-linux-x86_64-debian-gcc
These binaries (installable software) and packages are in development.
They may not be fully stable and should be used with caution. We make no claims about them.