Last updated on 2025-07-26 07:50:23 CEST.
Flavor | Version | Tinstall | Tcheck | Ttotal | Status | Flags |
---|---|---|---|---|---|---|
r-devel-linux-x86_64-debian-clang | 1.5 | 7.46 | 60.18 | 67.64 | NOTE | |
r-devel-linux-x86_64-debian-gcc | 1.5 | 5.77 | 45.55 | 51.32 | NOTE | |
r-devel-linux-x86_64-fedora-clang | 1.5 | 98.84 | OK | |||
r-devel-linux-x86_64-fedora-gcc | 1.5 | 105.42 | OK | |||
r-devel-windows-x86_64 | 1.5 | 9.00 | 75.00 | 84.00 | OK | |
r-patched-linux-x86_64 | 1.5 | 6.77 | 57.57 | 64.34 | OK | |
r-release-linux-x86_64 | 1.5 | 6.22 | 57.28 | 63.50 | OK | |
r-release-macos-arm64 | 1.5 | 38.00 | OK | |||
r-release-macos-x86_64 | 1.5 | 68.00 | OK | |||
r-release-windows-x86_64 | 1.5 | 8.00 | 82.00 | 90.00 | OK | |
r-oldrel-macos-arm64 | 1.5 | 34.00 | OK | |||
r-oldrel-macos-x86_64 | 1.5 | 49.00 | OK | |||
r-oldrel-windows-x86_64 | 1.5 | 11.00 | 90.00 | 101.00 | OK |
Version: 1.5
Check: CRAN incoming feasibility
Result: NOTE
Maintainer: ‘Yi Yang <yi.yang6@mcgill.ca>’
No Authors@R field in DESCRIPTION.
Please add one, modifying
Authors@R: c(person(given = "Ying",
family = "Nan",
role = "aut",
email = "nanx0006@gmail.com"),
person(given = "Yanjia",
family = "Yu",
role = "aut",
email = "yuxxx748@umn.edu"),
person(given = "Yi",
family = "Yang",
role = c("aut", "cre"),
email = "yi.yang6@mcgill.ca"),
person(given = "Yuhong",
family = "Yang",
role = "aut",
email = "yyang@stat.umn.edu"))
as necessary.
Flavors: r-devel-linux-x86_64-debian-clang, r-devel-linux-x86_64-debian-gcc
These binaries (installable software) and packages are in development.
They may not be fully stable and should be used with caution. We make no claims about them.