Last updated on 2025-05-01 15:49:32 CEST.
Flavor | Version | Tinstall | Tcheck | Ttotal | Status | Flags |
---|---|---|---|---|---|---|
r-devel-linux-x86_64-debian-clang | 1.0 | 11.11 | 108.25 | 119.36 | NOTE | |
r-devel-linux-x86_64-debian-gcc | 1.0 | 7.28 | 78.05 | 85.33 | NOTE | |
r-devel-linux-x86_64-fedora-clang | 1.0 | 177.02 | OK | |||
r-devel-linux-x86_64-fedora-gcc | 1.0 | 183.89 | OK | |||
r-devel-windows-x86_64 | 1.0 | 12.00 | 118.00 | 130.00 | OK | |
r-patched-linux-x86_64 | 1.0 | 11.96 | 103.20 | 115.16 | OK | |
r-release-linux-x86_64 | OK | |||||
r-release-macos-arm64 | 1.0 | 75.00 | OK | |||
r-release-macos-x86_64 | 1.0 | 107.00 | OK | |||
r-release-windows-x86_64 | 1.0 | 13.00 | 120.00 | 133.00 | OK | |
r-oldrel-macos-arm64 | 1.0 | 60.00 | OK | |||
r-oldrel-macos-x86_64 | 1.0 | 91.00 | OK | |||
r-oldrel-windows-x86_64 | 1.0 | 15.00 | 136.00 | 151.00 | OK |
Version: 1.0
Check: CRAN incoming feasibility
Result: NOTE
Maintainer: ‘Mary E. Savino <mary.savino@outlook.fr>’
No Authors@R field in DESCRIPTION.
Please add one, modifying
Authors@R: c(person(given = c("M.", "E."),
family = "Savino",
role = "aut"),
person(given = c("Mary", "E."),
family = "Savino",
role = "cre",
email = "mary.savino@outlook.fr"))
as necessary.
The Description field contains
Lévy-Leduc, C. (2023), <arXiv:2306.00686>.
Please refer to arXiv e-prints via their arXiv DOI <doi:10.48550/arXiv.YYMM.NNNNN>.
Flavors: r-devel-linux-x86_64-debian-clang, r-devel-linux-x86_64-debian-gcc
These binaries (installable software) and packages are in development.
They may not be fully stable and should be used with caution. We make no claims about them.