CRAN Package Check Results for Package glober

Last updated on 2025-07-26 07:50:23 CEST.

Flavor Version Tinstall Tcheck Ttotal Status Flags
r-devel-linux-x86_64-debian-clang 1.0 11.73 115.87 127.60 NOTE
r-devel-linux-x86_64-debian-gcc 1.0 9.00 92.11 101.11 NOTE
r-devel-linux-x86_64-fedora-clang 1.0 182.23 OK
r-devel-linux-x86_64-fedora-gcc 1.0 218.20 OK
r-devel-windows-x86_64 1.0 13.00 118.00 131.00 OK
r-patched-linux-x86_64 1.0 10.47 102.99 113.46 OK
r-release-linux-x86_64 1.0 10.84 102.56 113.40 OK
r-release-macos-arm64 1.0 75.00 OK
r-release-macos-x86_64 1.0 107.00 OK
r-release-windows-x86_64 1.0 12.00 108.00 120.00 OK
r-oldrel-macos-arm64 1.0 60.00 OK
r-oldrel-macos-x86_64 1.0 91.00 OK
r-oldrel-windows-x86_64 1.0 17.00 137.00 154.00 OK

Check Details

Version: 1.0
Check: CRAN incoming feasibility
Result: NOTE Maintainer: ‘Mary E. Savino <mary.savino@outlook.fr>’ No Authors@R field in DESCRIPTION. Please add one, modifying Authors@R: c(person(given = c("M.", "E."), family = "Savino", role = "aut"), person(given = c("Mary", "E."), family = "Savino", role = "cre", email = "mary.savino@outlook.fr")) as necessary. The Description field contains Lévy-Leduc, C. (2023), <arXiv:2306.00686>. Please refer to arXiv e-prints via their arXiv DOI <doi:10.48550/arXiv.YYMM.NNNNN>. Flavors: r-devel-linux-x86_64-debian-clang, r-devel-linux-x86_64-debian-gcc

These binaries (installable software) and packages are in development.
They may not be fully stable and should be used with caution. We make no claims about them.