Last updated on 2025-11-11 15:50:35 CET.
| Flavor | Version | Tinstall | Tcheck | Ttotal | Status | Flags |
|---|---|---|---|---|---|---|
| r-devel-linux-x86_64-debian-clang | 1.2.4 | 15.83 | 148.07 | 163.90 | OK | |
| r-devel-linux-x86_64-debian-gcc | 1.2.4 | 10.85 | 104.72 | 115.57 | OK | |
| r-devel-linux-x86_64-fedora-clang | 1.2.4 | 38.00 | 223.54 | 261.54 | OK | |
| r-devel-linux-x86_64-fedora-gcc | 1.2.4 | 36.00 | 211.52 | 247.52 | OK | |
| r-devel-windows-x86_64 | 1.2.4 | 20.00 | 145.00 | 165.00 | OK | |
| r-patched-linux-x86_64 | 1.2.4 | 15.95 | 142.44 | 158.39 | OK | |
| r-release-linux-x86_64 | 1.2.4 | 14.98 | 143.33 | 158.31 | OK | |
| r-release-macos-arm64 | 1.2.4 | 7.00 | 63.00 | 70.00 | OK | |
| r-release-macos-x86_64 | 1.2.4 | 16.00 | 128.00 | 144.00 | OK | |
| r-release-windows-x86_64 | 1.2.4 | 18.00 | 142.00 | 160.00 | OK | |
| r-oldrel-macos-arm64 | 1.2.4 | 8.00 | 67.00 | 75.00 | NOTE | |
| r-oldrel-macos-x86_64 | 1.2.4 | 15.00 | 126.00 | 141.00 | NOTE | |
| r-oldrel-windows-x86_64 | 1.2.4 | 24.00 | 186.00 | 210.00 | NOTE |
Version: 1.2.4
Check: package dependencies
Result: NOTE
Package suggested but not available for checking: ‘flexsdm’
Flavors: r-oldrel-macos-arm64, r-oldrel-macos-x86_64, r-oldrel-windows-x86_64
These binaries (installable software) and packages are in development.
They may not be fully stable and should be used with caution. We make no claims about them.