Last updated on 2025-10-23 11:50:15 CEST.
Flavor | Version | Tinstall | Tcheck | Ttotal | Status | Flags |
---|---|---|---|---|---|---|
r-devel-linux-x86_64-debian-clang | 0.8.0 | 5.50 | 78.71 | 84.21 | NOTE | |
r-devel-linux-x86_64-debian-gcc | 0.8.0 | 3.62 | 59.02 | 62.64 | OK | |
r-devel-linux-x86_64-fedora-clang | 0.8.0 | 15.00 | 112.77 | 127.77 | NOTE | |
r-devel-linux-x86_64-fedora-gcc | 0.8.0 | 12.00 | 125.72 | 137.72 | NOTE | |
r-devel-windows-x86_64 | 0.8.0 | 7.00 | 84.00 | 91.00 | OK | |
r-patched-linux-x86_64 | 0.8.0 | 5.17 | 73.60 | 78.77 | OK | |
r-release-linux-x86_64 | 0.8.0 | 3.71 | 74.09 | 77.80 | OK | |
r-release-macos-arm64 | 0.8.0 | 3.00 | 52.00 | 55.00 | OK | |
r-release-macos-x86_64 | 0.8.0 | 5.00 | 69.00 | 74.00 | OK | |
r-release-windows-x86_64 | 0.8.0 | 7.00 | 86.00 | 93.00 | OK | |
r-oldrel-macos-arm64 | 0.8.0 | 2.00 | 41.00 | 43.00 | OK | |
r-oldrel-macos-x86_64 | 0.8.0 | 4.00 | 57.00 | 61.00 | OK | |
r-oldrel-windows-x86_64 | 0.8.0 | 9.00 | 108.00 | 117.00 | OK |
Version: 0.8.0
Check: HTML version of manual
Result: NOTE
Found the following HTML validation problems:
knit_print.gloss.html:51:1 (knit_print.gloss.Rd:12): Warning: missing </ul> before </div>
Flavor: r-devel-linux-x86_64-debian-clang
Version: 0.8.0
Check: dependencies in R code
Result: NOTE
Namespace in Imports field not imported from: ‘rlang’
All declared Imports should be used.
Flavors: r-devel-linux-x86_64-fedora-clang, r-devel-linux-x86_64-fedora-gcc
These binaries (installable software) and packages are in development.
They may not be fully stable and should be used with caution. We make no claims about them.