Last updated on 2025-05-08 04:52:06 CEST.
Flavor | Version | Tinstall | Tcheck | Ttotal | Status | Flags |
---|---|---|---|---|---|---|
r-devel-linux-x86_64-debian-clang | 0.13.0 | 28.43 | 63.19 | 91.62 | OK | |
r-devel-linux-x86_64-debian-gcc | 0.13.0 | 20.88 | 46.41 | 67.29 | OK | |
r-devel-linux-x86_64-fedora-clang | 0.13.0 | 159.21 | OK | |||
r-devel-linux-x86_64-fedora-gcc | 0.13.0 | 189.33 | OK | |||
r-devel-windows-x86_64 | 0.13.0 | 31.00 | 114.00 | 145.00 | OK | |
r-patched-linux-x86_64 | 0.13.0 | 29.46 | 60.29 | 89.75 | OK | |
r-release-linux-x86_64 | 0.13.0 | 29.86 | 61.14 | 91.00 | OK | |
r-release-macos-arm64 | 0.13.0 | 64.00 | OK | |||
r-release-macos-x86_64 | 0.13.0 | 115.00 | OK | |||
r-release-windows-x86_64 | 0.13.0 | 35.00 | 109.00 | 144.00 | OK | |
r-oldrel-macos-arm64 | 0.13.0 | 37.00 | NOTE | |||
r-oldrel-macos-x86_64 | 0.13.0 | 72.00 | NOTE | |||
r-oldrel-windows-x86_64 | 0.13.0 | 37.00 | 125.00 | 162.00 | OK |
Version: 0.13.0
Check: installed package size
Result: NOTE
installed size is 11.5Mb
sub-directories of 1Mb or more:
doc 1.3Mb
libs 9.9Mb
Flavors: r-oldrel-macos-arm64, r-oldrel-macos-x86_64
These binaries (installable software) and packages are in development.
They may not be fully stable and should be used with caution. We make no claims about them.