CRAN Package Check Results for Package glue

Last updated on 2025-07-02 01:51:39 CEST.

Flavor Version Tinstall Tcheck Ttotal Status Flags
r-devel-linux-x86_64-debian-clang 1.8.0 3.27 46.51 49.78 OK
r-devel-linux-x86_64-debian-gcc 1.8.0 2.28 36.19 38.47 OK
r-devel-linux-x86_64-fedora-clang 1.8.0 73.03 OK
r-devel-linux-x86_64-fedora-gcc 1.8.0 82.91 OK
r-devel-windows-x86_64 1.8.0 10.00 74.00 84.00 OK
r-patched-linux-x86_64 OK
r-release-linux-x86_64 1.8.0 2.57 42.20 44.77 OK
r-release-macos-arm64 1.8.0 71.00 OK
r-release-macos-x86_64 1.8.0 113.00 OK
r-release-windows-x86_64 1.8.0 10.00 72.00 82.00 OK
r-oldrel-macos-arm64 1.8.0 33.00 OK
r-oldrel-macos-x86_64 1.8.0 99.00 OK
r-oldrel-windows-x86_64 1.8.0 1.00 9.00 10.00 ERROR

Check Details

Version: 1.8.0
Check: whether package can be installed
Result: ERROR Installation failed. Flavor: r-oldrel-windows-x86_64

These binaries (installable software) and packages are in development.
They may not be fully stable and should be used with caution. We make no claims about them.