Last updated on 2025-05-01 21:53:04 CEST.
Flavor | Version | Tinstall | Tcheck | Ttotal | Status | Flags |
---|---|---|---|---|---|---|
r-devel-linux-x86_64-debian-clang | 2.0.0 | 7.77 | 70.22 | 77.99 | NOTE | |
r-devel-linux-x86_64-debian-gcc | 2.0.0 | 4.28 | 50.48 | 54.76 | NOTE | |
r-devel-linux-x86_64-fedora-clang | 2.0.0 | 120.45 | NOTE | |||
r-devel-linux-x86_64-fedora-gcc | 2.0.0 | 129.75 | NOTE | |||
r-devel-windows-x86_64 | 2.0.0 | 9.00 | 88.00 | 97.00 | NOTE | |
r-patched-linux-x86_64 | 2.0.0 | 8.16 | 66.21 | 74.37 | NOTE | |
r-release-linux-x86_64 | NOTE | |||||
r-release-macos-arm64 | 2.0.0 | 57.00 | NOTE | |||
r-release-macos-x86_64 | 2.0.0 | 95.00 | NOTE | |||
r-release-windows-x86_64 | 2.0.0 | 9.00 | 96.00 | 105.00 | NOTE | |
r-oldrel-macos-arm64 | 2.0.0 | 50.00 | OK | |||
r-oldrel-macos-x86_64 | 2.0.0 | 126.00 | OK | |||
r-oldrel-windows-x86_64 | 2.0.0 | 11.00 | 105.00 | 116.00 | OK |
Version: 2.0.0
Check: CRAN incoming feasibility
Result: NOTE
Maintainer: ‘Renfei Mao <renfeimao@gmail.com>’
No Authors@R field in DESCRIPTION.
Please add one, modifying
Authors@R: person(given = "Renfei",
family = "Mao",
role = c("aut", "cre"),
email = "renfeimao@gmail.com")
as necessary.
Flavors: r-devel-linux-x86_64-debian-clang, r-devel-linux-x86_64-debian-gcc
Version: 2.0.0
Check: DESCRIPTION meta-information
Result: NOTE
Missing dependency on R >= 4.1.0 because package code uses the pipe
|> or function shorthand \(...) syntax added in R 4.1.0.
File(s) using such syntax:
‘1-pitch-normalize-value.R’
Flavors: r-devel-linux-x86_64-debian-clang, r-devel-linux-x86_64-debian-gcc, r-devel-linux-x86_64-fedora-clang, r-devel-linux-x86_64-fedora-gcc, r-devel-windows-x86_64, r-patched-linux-x86_64, r-release-linux-x86_64, r-release-macos-arm64, r-release-macos-x86_64, r-release-windows-x86_64
These binaries (installable software) and packages are in development.
They may not be fully stable and should be used with caution. We make no claims about them.