Last updated on 2025-02-16 10:50:47 CET.
Flavor | Version | Tinstall | Tcheck | Ttotal | Status | Flags |
---|---|---|---|---|---|---|
r-devel-linux-x86_64-debian-clang | 0.11.3 | 20.53 | 141.82 | 162.35 | NOTE | |
r-devel-linux-x86_64-debian-gcc | 0.11.3 | 13.49 | 95.53 | 109.02 | NOTE | |
r-devel-linux-x86_64-fedora-clang | 0.11.3 | 278.45 | NOTE | |||
r-devel-linux-x86_64-fedora-gcc | 0.11.3 | 259.33 | NOTE | |||
r-devel-macos-arm64 | 0.11.3 | 75.00 | NOTE | |||
r-devel-macos-x86_64 | 0.11.3 | 167.00 | NOTE | |||
r-devel-windows-x86_64 | 0.11.3 | 26.00 | 176.00 | 202.00 | NOTE | |
r-patched-linux-x86_64 | 0.11.3 | 26.97 | 130.30 | 157.27 | NOTE | |
r-release-linux-x86_64 | 0.11.3 | 18.63 | 131.00 | 149.63 | NOTE | |
r-release-macos-arm64 | 0.11.3 | 72.00 | NOTE | |||
r-release-macos-x86_64 | 0.11.3 | 111.00 | NOTE | |||
r-release-windows-x86_64 | 0.11.3 | 25.00 | 164.00 | 189.00 | NOTE | |
r-oldrel-macos-arm64 | 0.11.3 | 75.00 | OK | |||
r-oldrel-macos-x86_64 | 0.11.3 | 154.00 | OK | |||
r-oldrel-windows-x86_64 | 0.11.3 | 34.00 | 211.00 | 245.00 | OK |
Version: 0.11.3
Check: Rd files
Result: NOTE
checkRd: (-1) Maf.data.frame.Rd:65: Lost braces
65 | the lag distance to take. \%For other options see code{getEmpVariogramSlice}.}
| ^
checkRd: (-1) NGSAustralia.Rd:114: Lost braces; missing escapes or markup?
114 | \item{MRB}{obtained from simplifying the major crustal boundaries of {Korsch2015a, Korsch2015b}}
| ^
Flavors: r-devel-linux-x86_64-debian-clang, r-devel-linux-x86_64-debian-gcc, r-devel-linux-x86_64-fedora-clang, r-devel-linux-x86_64-fedora-gcc, r-devel-macos-arm64, r-devel-macos-x86_64, r-devel-windows-x86_64, r-patched-linux-x86_64, r-release-linux-x86_64, r-release-macos-arm64, r-release-macos-x86_64, r-release-windows-x86_64
Version: 0.11.3
Check: Rd cross-references
Result: NOTE
Found the following Rd file(s) with Rd \link{} targets missing package
anchors:
Maf.data.frame.Rd: cdt, princomp.acomp
coloredBiplot.genDiag.Rd: coloredBiplot
gsi.EVario2D.Rd: variogram
gsi.EVario3D.Rd: variogram
Please provide package anchors for all Rd \link{} targets not in the
package itself and the base packages.
Flavors: r-devel-linux-x86_64-debian-clang, r-devel-linux-x86_64-debian-gcc, r-devel-windows-x86_64
These binaries (installable software) and packages are in development.
They may not be fully stable and should be used with caution. We make no claims about them.