Last updated on 2025-05-01 14:49:11 CEST.
Flavor | Version | Tinstall | Tcheck | Ttotal | Status | Flags |
---|---|---|---|---|---|---|
r-devel-linux-x86_64-debian-clang | 0.1.0 | 11.65 | 127.67 | 139.32 | NOTE | |
r-devel-linux-x86_64-debian-gcc | 0.1.0 | 8.44 | 86.72 | 95.16 | OK | |
r-devel-linux-x86_64-fedora-clang | 0.1.0 | 236.29 | OK | |||
r-devel-linux-x86_64-fedora-gcc | 0.1.0 | 225.98 | OK | |||
r-devel-windows-x86_64 | 0.1.0 | 13.00 | 130.00 | 143.00 | OK | |
r-patched-linux-x86_64 | 0.1.0 | 12.46 | 123.03 | 135.49 | OK | |
r-release-linux-x86_64 | OK | |||||
r-release-macos-arm64 | 0.1.0 | 62.00 | OK | |||
r-release-macos-x86_64 | 0.1.0 | 148.00 | OK | |||
r-release-windows-x86_64 | 0.1.0 | 14.00 | 130.00 | 144.00 | OK | |
r-oldrel-macos-arm64 | 0.1.0 | 60.00 | OK | |||
r-oldrel-macos-x86_64 | 0.1.0 | 175.00 | OK | |||
r-oldrel-windows-x86_64 | 0.1.0 | 16.00 | 165.00 | 181.00 | OK |
Version: 0.1.0
Check: examples
Result: NOTE
Examples with CPU (user + system) or elapsed time > 5s
user system elapsed
trafficfam3 6.377 0.197 8.517
Flavor: r-devel-linux-x86_64-debian-clang
These binaries (installable software) and packages are in development.
They may not be fully stable and should be used with caution. We make no claims about them.