Last updated on 2025-05-01 12:49:29 CEST.
Flavor | Version | Tinstall | Tcheck | Ttotal | Status | Flags |
---|---|---|---|---|---|---|
r-devel-linux-x86_64-debian-clang | 1.4.1 | 8.31 | 129.55 | 137.86 | NOTE | |
r-devel-linux-x86_64-debian-gcc | 1.4.1 | 5.65 | 85.71 | 91.36 | OK | |
r-devel-linux-x86_64-fedora-clang | 1.4.1 | 218.81 | OK | |||
r-devel-linux-x86_64-fedora-gcc | 1.4.1 | 229.48 | OK | |||
r-devel-windows-x86_64 | 1.4.1 | 11.00 | 206.00 | 217.00 | OK | |
r-patched-linux-x86_64 | 1.4.1 | 8.87 | 123.17 | 132.04 | OK | |
r-release-linux-x86_64 | OK | |||||
r-release-macos-arm64 | 1.4.1 | 83.00 | OK | |||
r-release-macos-x86_64 | 1.4.1 | 139.00 | OK | |||
r-release-windows-x86_64 | 1.4.1 | 12.00 | 213.00 | 225.00 | OK | |
r-oldrel-macos-arm64 | 1.4.1 | 82.00 | OK | |||
r-oldrel-macos-x86_64 | 1.4.1 | 175.00 | OK | |||
r-oldrel-windows-x86_64 | 1.4.1 | 12.00 | 243.00 | 255.00 | OK |
Version: 1.4.1
Check: examples
Result: NOTE
Examples with CPU (user + system) or elapsed time > 5s
user system elapsed
codebook 3.702 0.125 5.146
Flavor: r-devel-linux-x86_64-debian-clang
These binaries (installable software) and packages are in development.
They may not be fully stable and should be used with caution. We make no claims about them.