Last updated on 2025-05-01 14:49:11 CEST.
Flavor | Version | Tinstall | Tcheck | Ttotal | Status | Flags |
---|---|---|---|---|---|---|
r-devel-linux-x86_64-debian-clang | 1.1.0 | 11.03 | 97.79 | 108.82 | NOTE | |
r-devel-linux-x86_64-debian-gcc | 1.1.0 | 7.64 | 69.88 | 77.52 | NOTE | |
r-devel-linux-x86_64-fedora-clang | 1.1.0 | 165.30 | OK | |||
r-devel-linux-x86_64-fedora-gcc | 1.1.0 | 161.50 | OK | |||
r-devel-windows-x86_64 | 1.1.0 | 12.00 | 103.00 | 115.00 | OK | |
r-patched-linux-x86_64 | 1.1.0 | 11.34 | 90.76 | 102.10 | OK | |
r-release-linux-x86_64 | OK | |||||
r-release-macos-arm64 | 1.1.0 | 41.00 | OK | |||
r-release-macos-x86_64 | 1.1.0 | 85.00 | OK | |||
r-release-windows-x86_64 | 1.1.0 | 12.00 | 107.00 | 119.00 | OK | |
r-oldrel-macos-arm64 | 1.1.0 | 47.00 | OK | |||
r-oldrel-macos-x86_64 | 1.1.0 | 81.00 | OK | |||
r-oldrel-windows-x86_64 | 1.1.0 | 15.00 | 124.00 | 139.00 | OK |
Version: 1.1.0
Check: CRAN incoming feasibility
Result: NOTE
Maintainer: ‘Stéphane Laurent <laurent_step@outlook.fr>’
No Authors@R field in DESCRIPTION.
Please add one, modifying
Authors@R: person(given = "Stéphane",
family = "Laurent",
role = c("aut", "cre"),
email = "laurent_step@outlook.fr")
as necessary.
Flavors: r-devel-linux-x86_64-debian-clang, r-devel-linux-x86_64-debian-gcc
These binaries (installable software) and packages are in development.
They may not be fully stable and should be used with caution. We make no claims about them.