Last updated on 2025-05-01 14:49:11 CEST.
Flavor | Version | Tinstall | Tcheck | Ttotal | Status | Flags |
---|---|---|---|---|---|---|
r-devel-linux-x86_64-debian-clang | 2.1.4 | 13.84 | 349.90 | 363.74 | NOTE | |
r-devel-linux-x86_64-debian-gcc | 2.1.4 | 8.49 | 204.33 | 212.82 | OK | |
r-devel-linux-x86_64-fedora-clang | 2.1.4 | 592.22 | OK | |||
r-devel-linux-x86_64-fedora-gcc | 2.1.4 | 570.20 | OK | |||
r-devel-windows-x86_64 | 2.1.4 | 14.00 | 379.00 | 393.00 | OK | |
r-patched-linux-x86_64 | 2.1.4 | 17.93 | 327.96 | 345.89 | OK | |
r-release-linux-x86_64 | OK | |||||
r-release-macos-arm64 | 2.1.4 | 177.00 | OK | |||
r-release-macos-x86_64 | 2.1.4 | 414.00 | OK | |||
r-release-windows-x86_64 | 2.1.4 | 15.00 | 387.00 | 402.00 | OK | |
r-oldrel-macos-arm64 | 2.1.4 | 146.00 | OK | |||
r-oldrel-macos-x86_64 | 2.1.4 | 381.00 | OK | |||
r-oldrel-windows-x86_64 | 2.1.4 | 19.00 | 495.00 | 514.00 | OK |
Version: 2.1.4
Check: examples
Result: NOTE
Examples with CPU (user + system) or elapsed time > 5s
user system elapsed
predict.gsmvar 4.4 0.027 5.044
Flavor: r-devel-linux-x86_64-debian-clang
These binaries (installable software) and packages are in development.
They may not be fully stable and should be used with caution. We make no claims about them.