Last updated on 2025-10-04 07:48:48 CEST.
Flavor | Version | Tinstall | Tcheck | Ttotal | Status | Flags |
---|---|---|---|---|---|---|
r-devel-linux-x86_64-debian-clang | 0.4.5 | 61.58 | 108.68 | 170.26 | OK | |
r-devel-linux-x86_64-debian-gcc | 0.4.5 | 43.64 | 76.42 | 120.06 | OK | |
r-devel-linux-x86_64-fedora-clang | 0.4.5 | 273.06 | OK | |||
r-devel-linux-x86_64-fedora-gcc | 0.4.5 | 272.38 | OK | |||
r-devel-windows-x86_64 | 0.4.5 | 74.00 | 141.00 | 215.00 | OK | |
r-patched-linux-x86_64 | 0.4.5 | 68.45 | 103.19 | 171.64 | OK | |
r-release-linux-x86_64 | 0.4.5 | 62.59 | 103.17 | 165.76 | OK | |
r-release-macos-arm64 | 0.4.5 | 81.00 | OK | |||
r-release-macos-x86_64 | 0.4.5 | 145.00 | OK | |||
r-release-windows-x86_64 | 0.4.5 | 73.00 | 140.00 | 213.00 | OK | |
r-oldrel-macos-arm64 | 0.4.5 | 74.00 | NOTE | |||
r-oldrel-macos-x86_64 | 0.4.5 | 131.00 | NOTE | |||
r-oldrel-windows-x86_64 | 0.4.5 | 93.00 | 174.00 | 267.00 | OK |
Version: 0.4.5
Check: installed package size
Result: NOTE
installed size is 7.4Mb
sub-directories of 1Mb or more:
libs 6.9Mb
Flavors: r-oldrel-macos-arm64, r-oldrel-macos-x86_64
These binaries (installable software) and packages are in development.
They may not be fully stable and should be used with caution. We make no claims about them.