Last updated on 2025-11-12 19:51:50 CET.
| Flavor | Version | Tinstall | Tcheck | Ttotal | Status | Flags |
|---|---|---|---|---|---|---|
| r-devel-linux-x86_64-debian-clang | 1.0.1 | 5.44 | 67.68 | 73.12 | OK | |
| r-devel-linux-x86_64-debian-gcc | 1.0.1 | 3.47 | 50.43 | 53.90 | OK | |
| r-devel-linux-x86_64-fedora-clang | 1.0.1 | 28.00 | 83.93 | 111.93 | OK | |
| r-devel-linux-x86_64-fedora-gcc | 1.0.1 | 12.00 | 106.57 | 118.57 | OK | |
| r-devel-windows-x86_64 | 1.0.1 | 7.00 | 73.00 | 80.00 | OK | |
| r-patched-linux-x86_64 | 1.0.1 | 4.65 | 64.16 | 68.81 | OK | |
| r-release-linux-x86_64 | 1.0.1 | 5.01 | 64.60 | 69.61 | OK | |
| r-release-macos-arm64 | 1.0.1 | 3.00 | 42.00 | 45.00 | OK | |
| r-release-macos-x86_64 | 1.0.1 | 3.00 | 65.00 | 68.00 | OK | |
| r-release-windows-x86_64 | 1.0.1 | 8.00 | 72.00 | 80.00 | OK | |
| r-oldrel-macos-arm64 | 1.0.1 | 2.00 | 33.00 | 35.00 | NOTE | |
| r-oldrel-macos-x86_64 | 1.0.1 | 3.00 | 55.00 | 58.00 | NOTE | |
| r-oldrel-windows-x86_64 | 1.0.1 | 9.00 | 91.00 | 100.00 | NOTE |
Version: 1.0.1
Check: LazyData
Result: NOTE
'LazyData' is specified without a 'data' directory
Flavors: r-oldrel-macos-arm64, r-oldrel-macos-x86_64, r-oldrel-windows-x86_64
These binaries (installable software) and packages are in development.
They may not be fully stable and should be used with caution. We make no claims about them.