CRAN Package Check Results for Package gnomonicM

Last updated on 2025-05-08 04:52:06 CEST.

Flavor Version Tinstall Tcheck Ttotal Status Flags
r-devel-linux-x86_64-debian-clang 1.0.1 5.43 66.52 71.95 OK
r-devel-linux-x86_64-debian-gcc 1.0.1 4.08 49.19 53.27 OK
r-devel-linux-x86_64-fedora-clang 1.0.1 97.04 OK
r-devel-linux-x86_64-fedora-gcc 1.0.1 130.11 OK
r-devel-windows-x86_64 1.0.1 8.00 73.00 81.00 OK
r-patched-linux-x86_64 1.0.1 5.76 62.80 68.56 OK
r-release-linux-x86_64 1.0.1 4.84 62.64 67.48 OK
r-release-macos-arm64 1.0.1 45.00 OK
r-release-macos-x86_64 1.0.1 68.00 OK
r-release-windows-x86_64 1.0.1 7.00 74.00 81.00 OK
r-oldrel-macos-arm64 1.0.1 35.00 NOTE
r-oldrel-macos-x86_64 1.0.1 58.00 NOTE
r-oldrel-windows-x86_64 1.0.1 9.00 91.00 100.00 NOTE

Check Details

Version: 1.0.1
Check: LazyData
Result: NOTE 'LazyData' is specified without a 'data' directory Flavors: r-oldrel-macos-arm64, r-oldrel-macos-x86_64, r-oldrel-windows-x86_64

These binaries (installable software) and packages are in development.
They may not be fully stable and should be used with caution. We make no claims about them.