Last updated on 2025-05-07 15:49:17 CEST.
Flavor | Version | Tinstall | Tcheck | Ttotal | Status | Flags |
---|---|---|---|---|---|---|
r-devel-linux-x86_64-debian-clang | 0.7-10 | 2.14 | 27.76 | 29.90 | NOTE | |
r-devel-linux-x86_64-debian-gcc | 0.7-10 | 1.99 | 22.10 | 24.09 | NOTE | |
r-devel-linux-x86_64-fedora-clang | 0.7-10 | 48.37 | OK | |||
r-devel-linux-x86_64-fedora-gcc | 0.7-10 | 64.49 | OK | |||
r-devel-windows-x86_64 | 0.7-10 | 3.00 | 48.00 | 51.00 | OK | |
r-patched-linux-x86_64 | 0.7-10 | 2.23 | 27.11 | 29.34 | OK | |
r-release-linux-x86_64 | 0.7-10 | 2.30 | 26.58 | 28.88 | OK | |
r-release-macos-arm64 | 0.7-10 | 25.00 | OK | |||
r-release-macos-x86_64 | 0.7-10 | 43.00 | OK | |||
r-release-windows-x86_64 | 0.7-10 | 3.00 | 47.00 | 50.00 | OK | |
r-oldrel-macos-arm64 | 0.7-10 | 23.00 | OK | |||
r-oldrel-macos-x86_64 | 0.7-10 | 35.00 | OK | |||
r-oldrel-windows-x86_64 | 0.7-10 | 4.00 | 54.00 | 58.00 | OK |
Version: 0.7-10
Check: CRAN incoming feasibility
Result: NOTE
Maintainer: ‘Karoly Antal <antalk2@gmail.com>’
No Authors@R field in DESCRIPTION.
Please add one, modifying
Authors@R: c(person(given = "Karoly",
family = "Antal.",
role = "aut",
email = "antalk2@gmail.com"),
person(given = "Karoly",
family = "Antal",
role = "cre",
email = "antalk2@gmail.com"))
as necessary.
Flavors: r-devel-linux-x86_64-debian-clang, r-devel-linux-x86_64-debian-gcc
These binaries (installable software) and packages are in development.
They may not be fully stable and should be used with caution. We make no claims about them.