Last updated on 2024-07-27 15:50:19 CEST.
Flavor | Version | Tinstall | Tcheck | Ttotal | Status | Flags |
---|---|---|---|---|---|---|
r-devel-linux-x86_64-debian-clang | 0.4-1 | 43.86 | 244.08 | 287.94 | OK | |
r-devel-linux-x86_64-debian-gcc | 0.4-1 | NOTE | ||||
r-devel-linux-x86_64-fedora-clang | 0.4-1 | 362.41 | OK | |||
r-devel-linux-x86_64-fedora-gcc | 0.4-1 | 353.42 | OK | |||
r-devel-windows-x86_64 | 0.4-1 | 40.00 | 174.00 | 214.00 | NOTE | |
r-patched-linux-x86_64 | 0.4-1 | OK | ||||
r-release-linux-x86_64 | 0.4-1 | 48.11 | 242.78 | 290.89 | OK | |
r-release-macos-arm64 | 0.4-1 | 77.00 | OK | |||
r-release-macos-x86_64 | 0.4-1 | 129.00 | OK | |||
r-release-windows-x86_64 | 0.4-1 | 37.00 | 174.00 | 211.00 | OK | |
r-oldrel-macos-arm64 | 0.4-1 | 86.00 | OK | |||
r-oldrel-macos-x86_64 | 0.4-1 | 152.00 | OK | |||
r-oldrel-windows-x86_64 | 0.4-1 | 46.00 | 220.00 | 266.00 | OK |
Version: 0.4-1
Check: Rd cross-references
Result: NOTE
Found the following Rd file(s) with Rd \link{} targets missing package
anchors:
gofArchmChisq.Rd: gofTstat
gofArchmGamma.Rd: gofTstat
gofArchmSnB.Rd: gofTstat
gofArchmSnC.Rd: gofTstat
gofCvM.Rd: gofTstat
gofKS.Rd: gofTstat
gofRosenblattChisq.Rd: gofTstat
gofRosenblattGamma.Rd: gofTstat
gofRosenblattSnB.Rd: gofTstat
gofRosenblattSnC.Rd: gofTstat
plot.gofCOP.Rd: pirateplot
Please provide package anchors for all Rd \link{} targets not in the
package itself and the base packages.
Flavors: r-devel-linux-x86_64-debian-gcc, r-devel-windows-x86_64
These binaries (installable software) and packages are in development.
They may not be fully stable and should be used with caution. We make no claims about them.