Last updated on 2025-05-08 04:52:06 CEST.
Flavor | Version | Tinstall | Tcheck | Ttotal | Status | Flags |
---|---|---|---|---|---|---|
r-devel-linux-x86_64-debian-clang | 0.1 | 52.27 | 80.82 | 133.09 | OK | |
r-devel-linux-x86_64-debian-gcc | 0.1 | 34.33 | 59.00 | 93.33 | OK | |
r-devel-linux-x86_64-fedora-clang | 0.1 | 196.33 | NOTE | |||
r-devel-linux-x86_64-fedora-gcc | 0.1 | 237.89 | NOTE | |||
r-devel-windows-x86_64 | 0.1 | 52.00 | 104.00 | 156.00 | OK | |
r-patched-linux-x86_64 | 0.1 | 50.11 | 73.41 | 123.52 | OK | |
r-release-linux-x86_64 | 0.1 | 45.32 | 75.91 | 121.23 | OK | |
r-release-macos-arm64 | 0.1 | 53.00 | OK | |||
r-release-macos-x86_64 | 0.1 | 111.00 | OK | |||
r-release-windows-x86_64 | 0.1 | 51.00 | 110.00 | 161.00 | OK | |
r-oldrel-macos-arm64 | 0.1 | 53.00 | NOTE | |||
r-oldrel-macos-x86_64 | 0.1 | 94.00 | NOTE | |||
r-oldrel-windows-x86_64 | 0.1 | 63.00 | 133.00 | 196.00 | OK |
Version: 0.1
Check: dependencies in R code
Result: NOTE
Namespace in Imports field not imported from: ‘Rcpp’
All declared Imports should be used.
Flavors: r-devel-linux-x86_64-fedora-clang, r-devel-linux-x86_64-fedora-gcc
Version: 0.1
Check: installed package size
Result: NOTE
installed size is 5.4Mb
sub-directories of 1Mb or more:
libs 5.1Mb
Flavors: r-oldrel-macos-arm64, r-oldrel-macos-x86_64
These binaries (installable software) and packages are in development.
They may not be fully stable and should be used with caution. We make no claims about them.