Last updated on 2024-07-27 15:50:19 CEST.
Flavor | Version | Tinstall | Tcheck | Ttotal | Status | Flags |
---|---|---|---|---|---|---|
r-devel-linux-x86_64-debian-clang | 0.1 | 51.22 | 96.02 | 147.24 | OK | |
r-devel-linux-x86_64-debian-gcc | 0.1 | OK | ||||
r-devel-linux-x86_64-fedora-clang | 0.1 | 208.79 | NOTE | |||
r-devel-linux-x86_64-fedora-gcc | 0.1 | 208.21 | NOTE | |||
r-devel-windows-x86_64 | 0.1 | 48.00 | 105.00 | 153.00 | OK | |
r-patched-linux-x86_64 | 0.1 | OK | ||||
r-release-linux-x86_64 | 0.1 | 39.04 | 91.00 | 130.04 | OK | |
r-release-macos-arm64 | 0.1 | 53.00 | NOTE | |||
r-release-macos-x86_64 | 0.1 | 94.00 | NOTE | |||
r-release-windows-x86_64 | 0.1 | 51.00 | 102.00 | 153.00 | OK | |
r-oldrel-macos-arm64 | 0.1 | 60.00 | NOTE | |||
r-oldrel-macos-x86_64 | 0.1 | 96.00 | NOTE | |||
r-oldrel-windows-x86_64 | 0.1 | 64.00 | 126.00 | 190.00 | OK |
Version: 0.1
Check: dependencies in R code
Result: NOTE
Namespace in Imports field not imported from: ‘Rcpp’
All declared Imports should be used.
Flavors: r-devel-linux-x86_64-fedora-clang, r-devel-linux-x86_64-fedora-gcc
Version: 0.1
Check: installed package size
Result: NOTE
installed size is 5.4Mb
sub-directories of 1Mb or more:
libs 5.1Mb
Flavors: r-release-macos-arm64, r-release-macos-x86_64, r-oldrel-macos-arm64, r-oldrel-macos-x86_64
These binaries (installable software) and packages are in development.
They may not be fully stable and should be used with caution. We make no claims about them.