CRAN Package Check Results for Package gofar

Last updated on 2025-11-12 23:50:45 CET.

Flavor Version Tinstall Tcheck Ttotal Status Flags
r-devel-linux-x86_64-debian-clang 0.1 49.33 87.60 136.93 OK
r-devel-linux-x86_64-debian-gcc 0.1 33.66 62.11 95.77 OK
r-devel-linux-x86_64-fedora-clang 0.1 228.00 -1.30 226.70 NOTE
r-devel-linux-x86_64-fedora-gcc 0.1 98.00 112.82 210.82 NOTE
r-devel-windows-x86_64 0.1 54.00 108.00 162.00 OK
r-patched-linux-x86_64 0.1 49.17 82.87 132.04 OK
r-release-linux-x86_64 0.1 47.93 83.72 131.65 OK
r-release-macos-arm64 0.1 18.00 35.00 53.00 OK
r-release-macos-x86_64 0.1 42.00 69.00 111.00 OK
r-release-windows-x86_64 0.1 52.00 104.00 156.00 OK
r-oldrel-macos-arm64 0.1 19.00 34.00 53.00 NOTE
r-oldrel-macos-x86_64 0.1 30.00 64.00 94.00 NOTE
r-oldrel-windows-x86_64 0.1 64.00 135.00 199.00 OK

Check Details

Version: 0.1
Check: dependencies in R code
Result: NOTE Namespace in Imports field not imported from: ‘Rcpp’ All declared Imports should be used. Flavors: r-devel-linux-x86_64-fedora-clang, r-devel-linux-x86_64-fedora-gcc

Version: 0.1
Check: installed package size
Result: NOTE installed size is 5.4Mb sub-directories of 1Mb or more: libs 5.1Mb Flavors: r-oldrel-macos-arm64, r-oldrel-macos-x86_64

These binaries (installable software) and packages are in development.
They may not be fully stable and should be used with caution. We make no claims about them.