Last updated on 2025-02-16 10:50:47 CET.
Flavor | Version | Tinstall | Tcheck | Ttotal | Status | Flags |
---|---|---|---|---|---|---|
r-devel-linux-x86_64-debian-clang | 0.1 | 51.05 | 75.75 | 126.80 | OK | |
r-devel-linux-x86_64-debian-gcc | 0.1 | 35.46 | 54.49 | 89.95 | OK | |
r-devel-linux-x86_64-fedora-clang | 0.1 | 204.23 | NOTE | |||
r-devel-linux-x86_64-fedora-gcc | 0.1 | 207.14 | NOTE | |||
r-devel-macos-arm64 | 0.1 | 59.00 | OK | |||
r-devel-macos-x86_64 | 0.1 | 111.00 | OK | |||
r-devel-windows-x86_64 | 0.1 | 48.00 | 112.00 | 160.00 | OK | |
r-patched-linux-x86_64 | 0.1 | 44.85 | 69.97 | 114.82 | OK | |
r-release-linux-x86_64 | 0.1 | 43.94 | 70.00 | 113.94 | OK | |
r-release-macos-arm64 | 0.1 | 53.00 | NOTE | |||
r-release-macos-x86_64 | 0.1 | 94.00 | NOTE | |||
r-release-windows-x86_64 | 0.1 | 48.00 | 111.00 | 159.00 | OK | |
r-oldrel-macos-arm64 | 0.1 | 60.00 | NOTE | |||
r-oldrel-macos-x86_64 | 0.1 | 96.00 | NOTE | |||
r-oldrel-windows-x86_64 | 0.1 | 59.00 | 125.00 | 184.00 | OK |
Version: 0.1
Check: dependencies in R code
Result: NOTE
Namespace in Imports field not imported from: ‘Rcpp’
All declared Imports should be used.
Flavors: r-devel-linux-x86_64-fedora-clang, r-devel-linux-x86_64-fedora-gcc
Version: 0.1
Check: installed package size
Result: NOTE
installed size is 5.4Mb
sub-directories of 1Mb or more:
libs 5.1Mb
Flavors: r-release-macos-arm64, r-release-macos-x86_64, r-oldrel-macos-arm64, r-oldrel-macos-x86_64
These binaries (installable software) and packages are in development.
They may not be fully stable and should be used with caution. We make no claims about them.