CRAN Package Check Results for Package gofar

Last updated on 2025-07-02 01:51:39 CEST.

Flavor Version Tinstall Tcheck Ttotal Status Flags
r-devel-linux-x86_64-debian-clang 0.1 52.46 80.42 132.88 OK
r-devel-linux-x86_64-debian-gcc 0.1 35.27 58.04 93.31 OK
r-devel-linux-x86_64-fedora-clang 0.1 201.28 NOTE
r-devel-linux-x86_64-fedora-gcc 0.1 198.43 NOTE
r-devel-windows-x86_64 0.1 55.00 104.00 159.00 OK
r-patched-linux-x86_64 OK
r-release-linux-x86_64 0.1 45.33 75.78 121.11 OK
r-release-macos-arm64 0.1 53.00 OK
r-release-macos-x86_64 0.1 111.00 OK
r-release-windows-x86_64 0.1 51.00 109.00 160.00 OK
r-oldrel-macos-arm64 0.1 53.00 NOTE
r-oldrel-macos-x86_64 0.1 94.00 NOTE
r-oldrel-windows-x86_64 0.1 63.00 131.00 194.00 OK

Check Details

Version: 0.1
Check: dependencies in R code
Result: NOTE Namespace in Imports field not imported from: ‘Rcpp’ All declared Imports should be used. Flavors: r-devel-linux-x86_64-fedora-clang, r-devel-linux-x86_64-fedora-gcc

Version: 0.1
Check: installed package size
Result: NOTE installed size is 5.4Mb sub-directories of 1Mb or more: libs 5.1Mb Flavors: r-oldrel-macos-arm64, r-oldrel-macos-x86_64

These binaries (installable software) and packages are in development.
They may not be fully stable and should be used with caution. We make no claims about them.