Last updated on 2025-10-24 17:50:42 CEST.
| Flavor | Version | Tinstall | Tcheck | Ttotal | Status | Flags |
|---|---|---|---|---|---|---|
| r-devel-linux-x86_64-debian-clang | 0.7-5 | 15.41 | 87.77 | 103.18 | NOTE | |
| r-devel-linux-x86_64-debian-gcc | 0.7-5 | 10.61 | 62.73 | 73.34 | NOTE | |
| r-devel-linux-x86_64-fedora-clang | 0.7-5 | 47.00 | 110.50 | 157.50 | NOTE | |
| r-devel-linux-x86_64-fedora-gcc | 0.7-5 | 31.00 | 113.38 | 144.38 | NOTE | |
| r-devel-windows-x86_64 | 0.7-5 | 16.00 | 93.00 | 109.00 | NOTE | |
| r-patched-linux-x86_64 | 0.7-5 | 14.53 | 83.70 | 98.23 | NOTE | |
| r-release-linux-x86_64 | 0.7-5 | 14.22 | 83.18 | 97.40 | NOTE | |
| r-release-macos-arm64 | 0.7-5 | 5.00 | 40.00 | 45.00 | NOTE | |
| r-release-macos-x86_64 | 0.7-5 | 15.00 | 78.00 | 93.00 | NOTE | |
| r-release-windows-x86_64 | 0.7-5 | 16.00 | 94.00 | 110.00 | NOTE | |
| r-oldrel-macos-arm64 | 0.7-5 | 6.00 | 36.00 | 42.00 | NOTE | |
| r-oldrel-macos-x86_64 | 0.7-5 | 10.00 | 53.00 | 63.00 | NOTE | |
| r-oldrel-windows-x86_64 | 0.7-5 | 20.00 | 123.00 | 143.00 | NOTE |
Version: 0.7-5
Check: Rd files
Result: NOTE
checkRd: (-1) BVDWSTOXX.Rd:14: Escaped LaTeX specials: \&
checkRd: (-1) BVDWSTOXX.Rd:15: Escaped LaTeX specials: \&
checkRd: (-1) BVDWSTOXX.Rd:16: Escaped LaTeX specials: \& \&
checkRd: (-1) BVDWSTOXX.Rd:26: Escaped LaTeX specials: \&
checkRd: (-1) BVDWSTOXX.Rd:31: Escaped LaTeX specials: \&
checkRd: (-1) BVDWSTOXX.Rd:34: Escaped LaTeX specials: \&
checkRd: (-1) BVDWSTOXX.Rd:37: Escaped LaTeX specials: \&
Flavors: r-devel-linux-x86_64-debian-clang, r-devel-linux-x86_64-debian-gcc, r-devel-linux-x86_64-fedora-clang, r-devel-linux-x86_64-fedora-gcc, r-devel-windows-x86_64, r-patched-linux-x86_64, r-release-linux-x86_64, r-release-macos-arm64, r-release-macos-x86_64, r-release-windows-x86_64, r-oldrel-macos-arm64, r-oldrel-macos-x86_64, r-oldrel-windows-x86_64
These binaries (installable software) and packages are in development.
They may not be fully stable and should be used with caution. We make no claims about them.