Last updated on 2024-07-27 15:50:19 CEST.
Flavor | Version | Tinstall | Tcheck | Ttotal | Status | Flags |
---|---|---|---|---|---|---|
r-devel-linux-x86_64-debian-clang | 1.6.8 | 203.24 | 135.85 | 339.09 | OK | |
r-devel-linux-x86_64-debian-gcc | 1.6.8 | NOTE | ||||
r-devel-linux-x86_64-fedora-clang | 1.6.8 | 387.43 | OK | |||
r-devel-linux-x86_64-fedora-gcc | 1.6.8 | 355.14 | OK | |||
r-devel-windows-x86_64 | 1.6.8 | 161.00 | 130.00 | 291.00 | NOTE | |
r-patched-linux-x86_64 | 1.6.8 | OK | ||||
r-release-linux-x86_64 | 1.6.8 | 172.36 | 128.90 | 301.26 | OK | |
r-release-macos-arm64 | 1.6.8 | 115.00 | NOTE | |||
r-release-macos-x86_64 | 1.6.8 | 136.00 | NOTE | |||
r-release-windows-x86_64 | 1.6.8 | 197.00 | 130.00 | 327.00 | OK | |
r-oldrel-macos-arm64 | 1.6.8 | 112.00 | NOTE | |||
r-oldrel-macos-x86_64 | 1.6.8 | 175.00 | NOTE | |||
r-oldrel-windows-x86_64 | 1.6.8 | 191.00 | 157.00 | 348.00 | OK |
Version: 1.6.8
Check: Rd cross-references
Result: NOTE
Found the following Rd file(s) with Rd \link{} targets missing package
anchors:
defineNodes.Rd: tbl_df
examine.Rd: changepoint
Please provide package anchors for all Rd \link{} targets not in the
package itself and the base packages.
Flavors: r-devel-linux-x86_64-debian-gcc, r-devel-windows-x86_64
Version: 1.6.8
Check: installed package size
Result: NOTE
installed size is 7.4Mb
sub-directories of 1Mb or more:
libs 5.7Mb
Flavors: r-release-macos-arm64, r-release-macos-x86_64, r-oldrel-macos-arm64, r-oldrel-macos-x86_64
These binaries (installable software) and packages are in development.
They may not be fully stable and should be used with caution. We make no claims about them.