Last updated on 2025-10-23 11:50:15 CEST.
Flavor | Version | Tinstall | Tcheck | Ttotal | Status | Flags |
---|---|---|---|---|---|---|
r-devel-linux-x86_64-debian-clang | 1.2.0 | 10.42 | 80.65 | 91.07 | NOTE | |
r-devel-linux-x86_64-debian-gcc | 1.2.0 | 7.98 | 55.03 | 63.01 | OK | |
r-devel-linux-x86_64-fedora-clang | 1.2.0 | 29.00 | 106.57 | 135.57 | OK | |
r-devel-linux-x86_64-fedora-gcc | 1.2.0 | 22.00 | 98.24 | 120.24 | OK | |
r-devel-windows-x86_64 | 1.2.0 | 13.00 | 106.00 | 119.00 | OK | |
r-patched-linux-x86_64 | 1.2.0 | 13.47 | 72.14 | 85.61 | OK | |
r-release-linux-x86_64 | 1.2.0 | 10.11 | 72.70 | 82.81 | OK | |
r-release-macos-arm64 | 1.2.0 | 5.00 | 39.00 | 44.00 | OK | |
r-release-macos-x86_64 | 1.2.0 | 15.00 | 73.00 | 88.00 | OK | |
r-release-windows-x86_64 | 1.2.0 | 17.00 | 106.00 | 123.00 | OK | |
r-oldrel-macos-arm64 | 1.2.0 | 4.00 | 41.00 | 45.00 | OK | |
r-oldrel-macos-x86_64 | 1.2.0 | 16.00 | 87.00 | 103.00 | OK | |
r-oldrel-windows-x86_64 | 1.2.0 | 18.00 | 129.00 | 147.00 | OK |
Version: 1.2.0
Check: HTML version of manual
Result: NOTE
Found the following HTML validation problems:
parse_ga_account_summary.html:46:1 (parse_ga_account_summary.Rd:10): Warning: missing </ul> before </div>
Flavor: r-devel-linux-x86_64-debian-clang
These binaries (installable software) and packages are in development.
They may not be fully stable and should be used with caution. We make no claims about them.