CRAN Package Check Results for Package googleAuthR

Last updated on 2025-05-29 01:49:31 CEST.

Flavor Version Tinstall Tcheck Ttotal Status Flags
r-devel-linux-x86_64-debian-clang 2.0.2 5.43 53.00 58.43 NOTE
r-devel-linux-x86_64-debian-gcc 2.0.2 3.86 39.83 43.69 NOTE
r-devel-linux-x86_64-fedora-clang 2.0.2 96.25 OK
r-devel-linux-x86_64-fedora-gcc 2.0.2 97.65 OK
r-devel-windows-x86_64 2.0.2 8.00 79.00 87.00 NOTE
r-patched-linux-x86_64 2.0.2 6.40 49.05 55.45 NOTE
r-release-linux-x86_64 2.0.2 4.87 49.61 54.48 NOTE
r-release-macos-arm64 2.0.2 46.00 OK
r-release-macos-x86_64 2.0.2 75.00 OK
r-release-windows-x86_64 2.0.2 7.00 81.00 88.00 NOTE
r-oldrel-macos-arm64 2.0.2 40.00 OK
r-oldrel-macos-x86_64 2.0.2 55.00 OK
r-oldrel-windows-x86_64 2.0.2 10.00 90.00 100.00 OK

Check Details

Version: 2.0.2
Check: Rd cross-references
Result: NOTE Found the following Rd file(s) with Rd \link{} targets missing package anchors: gar_auth.Rd: Token-class gar_auto_auth.Rd: Token-class Please provide package anchors for all Rd \link{} targets not in the package itself and the base packages. Flavors: r-devel-linux-x86_64-debian-clang, r-devel-linux-x86_64-debian-gcc, r-devel-windows-x86_64, r-patched-linux-x86_64, r-release-linux-x86_64, r-release-windows-x86_64

These binaries (installable software) and packages are in development.
They may not be fully stable and should be used with caution. We make no claims about them.