Last updated on 2025-10-23 23:49:31 CEST.
| Flavor | Version | Tinstall | Tcheck | Ttotal | Status | Flags |
|---|---|---|---|---|---|---|
| r-devel-linux-x86_64-debian-clang | 2.0.2 | 4.91 | 55.57 | 60.48 | NOTE | |
| r-devel-linux-x86_64-debian-gcc | 2.0.2 | 3.41 | 41.46 | 44.87 | NOTE | |
| r-devel-linux-x86_64-fedora-clang | 2.0.2 | 13.00 | 77.44 | 90.44 | OK | |
| r-devel-linux-x86_64-fedora-gcc | 2.0.2 | 11.00 | 88.39 | 99.39 | OK | |
| r-devel-windows-x86_64 | 2.0.2 | 8.00 | 78.00 | 86.00 | NOTE | |
| r-patched-linux-x86_64 | 2.0.2 | 6.74 | 51.26 | 58.00 | NOTE | |
| r-release-linux-x86_64 | 2.0.2 | 4.97 | 51.68 | 56.65 | NOTE | |
| r-release-macos-arm64 | 2.0.2 | 3.00 | 43.00 | 46.00 | OK | |
| r-release-macos-x86_64 | 2.0.2 | 7.00 | 68.00 | 75.00 | OK | |
| r-release-windows-x86_64 | 2.0.2 | 9.00 | 77.00 | 86.00 | NOTE | |
| r-oldrel-macos-arm64 | 2.0.2 | 2.00 | 38.00 | 40.00 | OK | |
| r-oldrel-macos-x86_64 | 2.0.2 | 4.00 | 51.00 | 55.00 | OK | |
| r-oldrel-windows-x86_64 | 2.0.2 | 10.00 | 93.00 | 103.00 | OK |
Version: 2.0.2
Check: Rd cross-references
Result: NOTE
Found the following Rd file(s) with Rd \link{} targets missing package
anchors:
gar_auth.Rd: Token-class
gar_auto_auth.Rd: Token-class
Please provide package anchors for all Rd \link{} targets not in the
package itself and the base packages.
Flavors: r-devel-linux-x86_64-debian-clang, r-devel-linux-x86_64-debian-gcc, r-devel-windows-x86_64, r-patched-linux-x86_64, r-release-linux-x86_64, r-release-windows-x86_64
Version: 2.0.2
Check: HTML version of manual
Result: NOTE
Found the following HTML validation problems:
checkGoogleAPIError.html:46:1 (checkGoogleAPIError.Rd:10): Warning: missing </ul> before </div>
gar_scope_config.html:46:1 (gar_scope_config.Rd:10): Warning: missing </ul> before </div>
gar_token_info.html:46:1 (gar_token_info.Rd:10): Warning: missing </ul> before </div>
retryRequest.html:46:1 (retryRequest.Rd:10): Warning: missing </ul> before </div>
skip_if_no_env_auth.html:46:1 (skip_if_no_env_auth.Rd:10): Warning: missing </ul> before </div>
Flavor: r-devel-linux-x86_64-debian-clang
These binaries (installable software) and packages are in development.
They may not be fully stable and should be used with caution. We make no claims about them.