Last updated on 2025-05-01 14:49:11 CEST.
Flavor | Version | Tinstall | Tcheck | Ttotal | Status | Flags |
---|---|---|---|---|---|---|
r-devel-linux-x86_64-debian-clang | 0.7.0 | 5.27 | 43.50 | 48.77 | NOTE | |
r-devel-linux-x86_64-debian-gcc | 0.7.0 | 2.95 | 33.06 | 36.01 | NOTE | |
r-devel-linux-x86_64-fedora-clang | 0.7.0 | 76.93 | OK | |||
r-devel-linux-x86_64-fedora-gcc | 0.7.0 | 87.06 | OK | |||
r-devel-windows-x86_64 | 0.7.0 | 7.00 | 74.00 | 81.00 | OK | |
r-patched-linux-x86_64 | 0.7.0 | 5.35 | 42.42 | 47.77 | OK | |
r-release-linux-x86_64 | OK | |||||
r-release-macos-arm64 | 0.7.0 | 41.00 | OK | |||
r-release-macos-x86_64 | 0.7.0 | 65.00 | OK | |||
r-release-windows-x86_64 | 0.7.0 | 8.00 | 79.00 | 87.00 | OK | |
r-oldrel-macos-arm64 | 0.7.0 | 31.00 | OK | |||
r-oldrel-macos-x86_64 | 0.7.0 | 50.00 | OK | |||
r-oldrel-windows-x86_64 | 0.7.0 | 8.00 | 79.00 | 87.00 | OK |
Version: 0.7.0
Check: CRAN incoming feasibility
Result: NOTE
Maintainer: ‘Mark Edmondson <r@sunholo.com>’
Package CITATION file contains call(s) to old-style personList() or
as.personList(). Please use c() on person objects instead.
Package CITATION file contains call(s) to old-style citEntry(). Please
use bibentry() instead.
Flavors: r-devel-linux-x86_64-debian-clang, r-devel-linux-x86_64-debian-gcc
These binaries (installable software) and packages are in development.
They may not be fully stable and should be used with caution. We make no claims about them.