CRAN Package Check Results for Package googleCloudVisionR

Last updated on 2025-05-22 03:50:37 CEST.

Flavor Version Tinstall Tcheck Ttotal Status Flags
r-devel-linux-x86_64-debian-clang 0.2.0 4.19 34.00 38.19 OK
r-devel-linux-x86_64-debian-gcc 0.2.0 2.40 25.59 27.99 OK
r-devel-linux-x86_64-fedora-clang 0.2.0 60.71 OK
r-devel-linux-x86_64-fedora-gcc 0.2.0 53.46 OK
r-devel-windows-x86_64 0.2.0 7.00 62.00 69.00 OK
r-patched-linux-x86_64 0.2.0 3.19 30.53 33.72 OK
r-release-linux-x86_64 0.2.0 3.73 30.44 34.17 OK
r-release-macos-arm64 0.2.0 37.00 OK
r-release-macos-x86_64 0.2.0 38.00 OK
r-release-windows-x86_64 0.2.0 6.00 79.00 85.00 OK
r-oldrel-macos-arm64 0.2.0 22.00 NOTE
r-oldrel-macos-x86_64 0.2.0 30.00 NOTE
r-oldrel-windows-x86_64 0.2.0 6.00 61.00 67.00 NOTE

Check Details

Version: 0.2.0
Check: LazyData
Result: NOTE 'LazyData' is specified without a 'data' directory Flavors: r-oldrel-macos-arm64, r-oldrel-macos-x86_64, r-oldrel-windows-x86_64

These binaries (installable software) and packages are in development.
They may not be fully stable and should be used with caution. We make no claims about them.