Last updated on 2025-07-25 09:50:48 CEST.
Flavor | Version | Tinstall | Tcheck | Ttotal | Status | Flags |
---|---|---|---|---|---|---|
r-devel-linux-x86_64-debian-clang | 0.8.7 | 30.14 | 40.37 | 70.51 | OK | |
r-devel-linux-x86_64-debian-gcc | 0.8.7 | 25.23 | 32.52 | 57.75 | OK | |
r-devel-linux-x86_64-fedora-clang | 0.8.7 | 120.52 | OK | |||
r-devel-linux-x86_64-fedora-gcc | 0.8.7 | 134.26 | OK | |||
r-devel-windows-x86_64 | 0.8.7 | 107.00 | 89.00 | 196.00 | OK | |
r-patched-linux-x86_64 | 0.8.7 | 31.76 | 37.47 | 69.23 | OK | |
r-release-linux-x86_64 | 0.8.7 | 32.62 | 37.76 | 70.38 | OK | |
r-release-macos-arm64 | 0.8.7 | 56.00 | OK | |||
r-release-macos-x86_64 | 0.8.7 | 110.00 | OK | |||
r-release-windows-x86_64 | 0.8.7 | 96.00 | 88.00 | 184.00 | OK | |
r-oldrel-macos-arm64 | 0.8.7 | 59.00 | NOTE | |||
r-oldrel-macos-x86_64 | 0.8.7 | 190.00 | NOTE | |||
r-oldrel-windows-x86_64 | 0.8.7 | 100.00 | 105.00 | 205.00 | NOTE |
Version: 0.8.7
Check: installed package size
Result: NOTE
installed size is 48.5Mb
sub-directories of 1Mb or more:
i 45.1Mb
libs 2.6Mb
Flavors: r-oldrel-macos-arm64, r-oldrel-macos-x86_64, r-oldrel-windows-x86_64
These binaries (installable software) and packages are in development.
They may not be fully stable and should be used with caution. We make no claims about them.