Last updated on 2025-05-01 08:52:34 CEST.
Flavor | Version | Tinstall | Tcheck | Ttotal | Status | Flags |
---|---|---|---|---|---|---|
r-devel-linux-x86_64-debian-clang | 0.8.7 | 35.77 | 40.07 | 75.84 | OK | |
r-devel-linux-x86_64-debian-gcc | 0.8.7 | 27.10 | 31.58 | 58.68 | OK | |
r-devel-linux-x86_64-fedora-clang | 0.8.7 | 123.11 | OK | |||
r-devel-linux-x86_64-fedora-gcc | 0.8.7 | 138.50 | OK | |||
r-devel-windows-x86_64 | 0.8.7 | 88.00 | 91.00 | 179.00 | OK | |
r-patched-linux-x86_64 | 0.8.7 | 38.83 | 37.87 | 76.70 | OK | |
r-release-linux-x86_64 | OK | |||||
r-release-macos-arm64 | 0.8.7 | 56.00 | OK | |||
r-release-macos-x86_64 | 0.8.7 | 110.00 | OK | |||
r-release-windows-x86_64 | 0.8.7 | 90.00 | 97.00 | 187.00 | OK | |
r-oldrel-macos-arm64 | 0.8.7 | 59.00 | NOTE | |||
r-oldrel-macos-x86_64 | 0.8.7 | 190.00 | NOTE | |||
r-oldrel-windows-x86_64 | 0.8.7 | 87.00 | 101.00 | 188.00 | NOTE |
Version: 0.8.7
Check: installed package size
Result: NOTE
installed size is 48.5Mb
sub-directories of 1Mb or more:
i 45.1Mb
libs 2.6Mb
Flavors: r-oldrel-macos-arm64, r-oldrel-macos-x86_64, r-oldrel-windows-x86_64
These binaries (installable software) and packages are in development.
They may not be fully stable and should be used with caution. We make no claims about them.