CRAN Package Check Results for Package googlePublicData

Last updated on 2025-05-01 15:49:32 CEST.

Flavor Version Tinstall Tcheck Ttotal Status Flags
r-devel-linux-x86_64-debian-clang 0.16.1 3.49 33.66 37.15 NOTE
r-devel-linux-x86_64-debian-gcc 0.16.1 2.56 26.45 29.01 NOTE
r-devel-linux-x86_64-fedora-clang 0.16.1 57.41 OK
r-devel-linux-x86_64-fedora-gcc 0.16.1 57.37 OK
r-devel-windows-x86_64 0.16.1 5.00 64.00 69.00 OK
r-patched-linux-x86_64 0.16.1 3.17 32.32 35.49 OK
r-release-linux-x86_64 OK
r-release-macos-arm64 0.16.1 29.00 OK
r-release-macos-x86_64 0.16.1 41.00 OK
r-release-windows-x86_64 0.16.1 6.00 73.00 79.00 OK
r-oldrel-macos-arm64 0.16.1 23.00 OK
r-oldrel-macos-x86_64 0.16.1 37.00 OK
r-oldrel-windows-x86_64 0.16.1 7.00 64.00 71.00 OK

Check Details

Version: 0.16.1
Check: CRAN incoming feasibility
Result: NOTE Maintainer: ‘George Vega Yon <g.vegayon@gmail.com>’ Found the following (possibly) invalid file URI: URI: publicdata.google.com From: man/dspl.Rd Flavors: r-devel-linux-x86_64-debian-clang, r-devel-linux-x86_64-debian-gcc

These binaries (installable software) and packages are in development.
They may not be fully stable and should be used with caution. We make no claims about them.