Last updated on 2025-05-01 15:49:32 CEST.
Flavor | Version | Tinstall | Tcheck | Ttotal | Status | Flags |
---|---|---|---|---|---|---|
r-devel-linux-x86_64-debian-clang | 0.2.0 | 6.32 | 55.57 | 61.89 | OK | |
r-devel-linux-x86_64-debian-gcc | 0.2.0 | 4.34 | 39.85 | 44.19 | OK | |
r-devel-linux-x86_64-fedora-clang | 0.2.0 | 95.01 | NOTE | |||
r-devel-linux-x86_64-fedora-gcc | 0.2.0 | 90.64 | NOTE | |||
r-devel-windows-x86_64 | 0.2.0 | 9.00 | 101.00 | 110.00 | OK | |
r-patched-linux-x86_64 | 0.2.0 | 7.70 | 50.69 | 58.39 | OK | |
r-release-linux-x86_64 | OK | |||||
r-release-macos-arm64 | 0.2.0 | 36.00 | OK | |||
r-release-macos-x86_64 | 0.2.0 | 55.00 | OK | |||
r-release-windows-x86_64 | 0.2.0 | 9.00 | 110.00 | 119.00 | OK | |
r-oldrel-macos-arm64 | 0.2.0 | 29.00 | OK | |||
r-oldrel-macos-x86_64 | 0.2.0 | 51.00 | OK | |||
r-oldrel-windows-x86_64 | 0.2.0 | 10.00 | 102.00 | 112.00 | OK |
Version: 0.2.0
Check: dependencies in R code
Result: NOTE
Namespaces in Imports field not imported from:
‘assertthat’ ‘future’ ‘httr’
All declared Imports should be used.
Flavors: r-devel-linux-x86_64-fedora-clang, r-devel-linux-x86_64-fedora-gcc
These binaries (installable software) and packages are in development.
They may not be fully stable and should be used with caution. We make no claims about them.