Last updated on 2025-02-16 10:50:47 CET.
Flavor | Version | Tinstall | Tcheck | Ttotal | Status | Flags |
---|---|---|---|---|---|---|
r-devel-linux-x86_64-debian-clang | 0.2.0 | 6.31 | 53.76 | 60.07 | OK | |
r-devel-linux-x86_64-debian-gcc | 0.2.0 | 4.42 | 37.27 | 41.69 | OK | |
r-devel-linux-x86_64-fedora-clang | 0.2.0 | 94.18 | NOTE | |||
r-devel-linux-x86_64-fedora-gcc | 0.2.0 | 87.65 | NOTE | |||
r-devel-macos-arm64 | 0.2.0 | 30.00 | OK | |||
r-devel-macos-x86_64 | 0.2.0 | 61.00 | OK | |||
r-devel-windows-x86_64 | 0.2.0 | 8.00 | 90.00 | 98.00 | OK | |
r-patched-linux-x86_64 | 0.2.0 | 6.58 | 49.04 | 55.62 | OK | |
r-release-linux-x86_64 | 0.2.0 | 6.23 | 49.26 | 55.49 | OK | |
r-release-macos-arm64 | 0.2.0 | 29.00 | OK | |||
r-release-macos-x86_64 | 0.2.0 | 51.00 | OK | |||
r-release-windows-x86_64 | 0.2.0 | 9.00 | 90.00 | 99.00 | OK | |
r-oldrel-macos-arm64 | 0.2.0 | 31.00 | OK | |||
r-oldrel-macos-x86_64 | 0.2.0 | 46.00 | OK | |||
r-oldrel-windows-x86_64 | 0.2.0 | 10.00 | 96.00 | 106.00 | OK |
Version: 0.2.0
Check: dependencies in R code
Result: NOTE
Namespaces in Imports field not imported from:
‘assertthat’ ‘future’ ‘httr’
All declared Imports should be used.
Flavors: r-devel-linux-x86_64-fedora-clang, r-devel-linux-x86_64-fedora-gcc
These binaries (installable software) and packages are in development.
They may not be fully stable and should be used with caution. We make no claims about them.