CRAN Package Check Results for Package googledrive

Last updated on 2025-02-19 16:50:50 CET.

Flavor Version Tinstall Tcheck Ttotal Status Flags
r-devel-linux-x86_64-debian-clang 2.1.1 6.72 70.53 77.25 NOTE
r-devel-linux-x86_64-debian-gcc 2.1.1 5.25 47.65 52.90 NOTE
r-devel-linux-x86_64-fedora-clang 2.1.1 120.63 OK
r-devel-linux-x86_64-fedora-gcc 2.1.1 129.74 OK
r-devel-macos-arm64 2.1.1 45.00 OK
r-devel-macos-x86_64 2.1.1 94.00 OK
r-devel-windows-x86_64 2.1.1 10.00 95.00 105.00 NOTE
r-patched-linux-x86_64 2.1.1 11.24 64.04 75.28 OK
r-release-linux-x86_64 2.1.1 6.82 64.24 71.06 OK
r-release-macos-arm64 2.1.1 44.00 OK
r-release-macos-x86_64 2.1.1 72.00 OK
r-release-windows-x86_64 2.1.1 9.00 96.00 105.00 OK
r-oldrel-macos-arm64 2.1.1 42.00 OK
r-oldrel-macos-x86_64 2.1.1 79.00 OK
r-oldrel-windows-x86_64 2.1.1 11.00 125.00 136.00 OK

Check Details

Version: 2.1.1
Check: Rd cross-references
Result: NOTE Found the following Rd file(s) with Rd \link{} targets missing package anchors: request_make.Rd: httr Please provide package anchors for all Rd \link{} targets not in the package itself and the base packages. Flavors: r-devel-linux-x86_64-debian-clang, r-devel-linux-x86_64-debian-gcc, r-devel-windows-x86_64

These binaries (installable software) and packages are in development.
They may not be fully stable and should be used with caution. We make no claims about them.