CRAN Package Check Results for Package googledrive

Last updated on 2025-04-16 00:49:42 CEST.

Flavor Version Tinstall Tcheck Ttotal Status Flags
r-devel-linux-x86_64-debian-clang 2.1.1 7.99 67.44 75.43 NOTE
r-devel-linux-x86_64-debian-gcc 2.1.1 4.01 47.82 51.83 NOTE
r-devel-linux-x86_64-fedora-clang 2.1.1 124.40 OK
r-devel-linux-x86_64-fedora-gcc 2.1.1 131.27 OK
r-devel-windows-x86_64 2.1.1 11.00 96.00 107.00 NOTE
r-patched-linux-x86_64 2.1.1 9.14 67.35 76.49 NOTE
r-release-linux-x86_64 2.1.1 5.70 67.05 72.75 NOTE
r-release-macos-arm64 2.1.1 66.00 OK
r-release-macos-x86_64 2.1.1 103.00 OK
r-release-windows-x86_64 2.1.1 9.00 96.00 105.00 NOTE
r-oldrel-macos-arm64 2.1.1 44.00 OK
r-oldrel-macos-x86_64 2.1.1 72.00 OK
r-oldrel-windows-x86_64 2.1.1 12.00 111.00 123.00 OK

Check Details

Version: 2.1.1
Check: Rd cross-references
Result: NOTE Found the following Rd file(s) with Rd \link{} targets missing package anchors: request_make.Rd: httr Please provide package anchors for all Rd \link{} targets not in the package itself and the base packages. Flavors: r-devel-linux-x86_64-debian-clang, r-devel-linux-x86_64-debian-gcc, r-devel-windows-x86_64, r-patched-linux-x86_64, r-release-linux-x86_64, r-release-windows-x86_64

These binaries (installable software) and packages are in development.
They may not be fully stable and should be used with caution. We make no claims about them.