CRAN Package Check Results for Package googlenlp

Last updated on 2025-05-01 12:49:29 CEST.

Flavor Version Tinstall Tcheck Ttotal Status Flags
r-devel-linux-x86_64-debian-clang 0.2.0 5.19 37.93 43.12 OK
r-devel-linux-x86_64-debian-gcc 0.2.0 3.44 28.02 31.46 OK
r-devel-linux-x86_64-fedora-clang 0.2.0 63.41 OK
r-devel-linux-x86_64-fedora-gcc 0.2.0 60.15 OK
r-devel-windows-x86_64 0.2.0 7.00 59.00 66.00 OK
r-patched-linux-x86_64 0.2.0 5.16 33.69 38.85 OK
r-release-linux-x86_64 OK
r-release-macos-arm64 0.2.0 26.00 OK
r-release-macos-x86_64 0.2.0 37.00 OK
r-release-windows-x86_64 0.2.0 8.00 65.00 73.00 OK
r-oldrel-macos-arm64 0.2.0 21.00 NOTE
r-oldrel-macos-x86_64 0.2.0 49.00 NOTE
r-oldrel-windows-x86_64 0.2.0 7.00 62.00 69.00 NOTE

Check Details

Version: 0.2.0
Check: LazyData
Result: NOTE 'LazyData' is specified without a 'data' directory Flavors: r-oldrel-macos-arm64, r-oldrel-macos-x86_64, r-oldrel-windows-x86_64

These binaries (installable software) and packages are in development.
They may not be fully stable and should be used with caution. We make no claims about them.