Last updated on 2025-02-19 16:50:50 CET.
Flavor | Version | Tinstall | Tcheck | Ttotal | Status | Flags |
---|---|---|---|---|---|---|
r-devel-linux-x86_64-debian-clang | 1.1.1 | 8.27 | 68.27 | 76.54 | NOTE | |
r-devel-linux-x86_64-debian-gcc | 1.1.1 | 4.58 | 46.57 | 51.15 | NOTE | |
r-devel-linux-x86_64-fedora-clang | 1.1.1 | 117.27 | OK | |||
r-devel-linux-x86_64-fedora-gcc | 1.1.1 | 113.00 | OK | |||
r-devel-macos-arm64 | 1.1.1 | 38.00 | OK | |||
r-devel-macos-x86_64 | 1.1.1 | 72.00 | OK | |||
r-devel-windows-x86_64 | 1.1.1 | 11.00 | 90.00 | 101.00 | NOTE | |
r-patched-linux-x86_64 | 1.1.1 | 10.51 | 63.01 | 73.52 | OK | |
r-release-linux-x86_64 | 1.1.1 | 6.46 | 62.56 | 69.02 | OK | |
r-release-macos-arm64 | 1.1.1 | 33.00 | OK | |||
r-release-macos-x86_64 | 1.1.1 | 53.00 | OK | |||
r-release-windows-x86_64 | 1.1.1 | 11.00 | 90.00 | 101.00 | OK | |
r-oldrel-macos-arm64 | 1.1.1 | 37.00 | OK | |||
r-oldrel-macos-x86_64 | 1.1.1 | 69.00 | OK | |||
r-oldrel-windows-x86_64 | 1.1.1 | 14.00 | 100.00 | 114.00 | OK |
Version: 1.1.1
Check: Rd cross-references
Result: NOTE
Found the following Rd file(s) with Rd \link{} targets missing package
anchors:
cell-specification.Rd: cellranger
request_make.Rd: httr
sheets_id.Rd: googledrive
Please provide package anchors for all Rd \link{} targets not in the
package itself and the base packages.
Flavors: r-devel-linux-x86_64-debian-clang, r-devel-linux-x86_64-debian-gcc, r-devel-windows-x86_64
These binaries (installable software) and packages are in development.
They may not be fully stable and should be used with caution. We make no claims about them.