Last updated on 2025-10-03 11:50:45 CEST.
Flavor | Version | Tinstall | Tcheck | Ttotal | Status | Flags |
---|---|---|---|---|---|---|
r-devel-linux-x86_64-debian-clang | 0.1.7 | 39.73 | 309.33 | 349.06 | NOTE | |
r-devel-linux-x86_64-debian-gcc | 0.1.7 | 23.26 | 200.06 | 223.32 | NOTE | |
r-devel-linux-x86_64-fedora-clang | 0.1.7 | 559.85 | NOTE | |||
r-devel-linux-x86_64-fedora-gcc | 0.1.7 | 560.46 | NOTE | |||
r-devel-windows-x86_64 | 0.1.7 | 34.00 | 227.00 | 261.00 | NOTE | |
r-patched-linux-x86_64 | 0.1.7 | 36.36 | 285.56 | 321.92 | NOTE | |
r-release-linux-x86_64 | 0.1.7 | 30.98 | 288.14 | 319.12 | NOTE | |
r-release-macos-arm64 | 0.1.7 | 121.00 | NOTE | |||
r-release-macos-x86_64 | 0.1.7 | 264.00 | OK | |||
r-release-windows-x86_64 | 0.1.7 | 33.00 | 229.00 | 262.00 | NOTE | |
r-oldrel-macos-arm64 | 0.1.7 | 106.00 | OK | |||
r-oldrel-macos-x86_64 | 0.1.7 | 279.00 | OK | |||
r-oldrel-windows-x86_64 | 0.1.7 | 47.00 | 316.00 | 363.00 | OK |
Version: 0.1.7
Check: DESCRIPTION meta-information
Result: NOTE
Missing dependency on R >= 4.1.0 because package code uses the pipe
|> or function shorthand \(...) syntax added in R 4.1.0.
File(s) using such syntax:
‘gt_make_grid.Rd’
Flavors: r-devel-linux-x86_64-debian-clang, r-devel-linux-x86_64-debian-gcc, r-devel-linux-x86_64-fedora-clang, r-devel-linux-x86_64-fedora-gcc, r-devel-windows-x86_64, r-patched-linux-x86_64, r-release-linux-x86_64, r-release-macos-arm64, r-release-windows-x86_64
These binaries (installable software) and packages are in development.
They may not be fully stable and should be used with caution. We make no claims about them.