Last updated on 2025-05-01 15:49:32 CEST.
Flavor | Version | Tinstall | Tcheck | Ttotal | Status | Flags |
---|---|---|---|---|---|---|
r-devel-linux-x86_64-debian-clang | 0.1.7 | 39.57 | 301.87 | 341.44 | NOTE | |
r-devel-linux-x86_64-debian-gcc | 0.1.7 | 26.80 | 198.37 | 225.17 | NOTE | |
r-devel-linux-x86_64-fedora-clang | 0.1.7 | 561.39 | NOTE | |||
r-devel-linux-x86_64-fedora-gcc | 0.1.7 | 541.73 | NOTE | |||
r-devel-windows-x86_64 | 0.1.7 | 33.00 | 240.00 | 273.00 | NOTE | |
r-patched-linux-x86_64 | 0.1.7 | 34.29 | 282.04 | 316.33 | NOTE | |
r-release-linux-x86_64 | NOTE | |||||
r-release-macos-arm64 | 0.1.7 | 121.00 | NOTE | |||
r-release-macos-x86_64 | 0.1.7 | 264.00 | OK | |||
r-release-windows-x86_64 | 0.1.7 | 33.00 | 244.00 | 277.00 | NOTE | |
r-oldrel-macos-arm64 | 0.1.7 | 106.00 | OK | |||
r-oldrel-macos-x86_64 | 0.1.7 | 279.00 | OK | |||
r-oldrel-windows-x86_64 | 0.1.7 | 43.00 | 311.00 | 354.00 | OK |
Version: 0.1.7
Check: DESCRIPTION meta-information
Result: NOTE
Missing dependency on R >= 4.1.0 because package code uses the pipe
|> or function shorthand \(...) syntax added in R 4.1.0.
File(s) using such syntax:
‘gt_make_grid.Rd’
Flavors: r-devel-linux-x86_64-debian-clang, r-devel-linux-x86_64-debian-gcc, r-devel-linux-x86_64-fedora-clang, r-devel-linux-x86_64-fedora-gcc, r-devel-windows-x86_64, r-patched-linux-x86_64, r-release-linux-x86_64, r-release-macos-arm64, r-release-windows-x86_64
These binaries (installable software) and packages are in development.
They may not be fully stable and should be used with caution. We make no claims about them.