Last updated on 2025-05-01 15:49:32 CEST.
Flavor | Version | Tinstall | Tcheck | Ttotal | Status | Flags |
---|---|---|---|---|---|---|
r-devel-linux-x86_64-debian-clang | 1.4 | 23.20 | 262.99 | 286.19 | NOTE | |
r-devel-linux-x86_64-debian-gcc | 1.4 | 15.28 | 179.47 | 194.75 | OK | |
r-devel-linux-x86_64-fedora-clang | 1.4 | 433.27 | OK | |||
r-devel-linux-x86_64-fedora-gcc | 1.4 | 435.65 | OK | |||
r-devel-windows-x86_64 | 1.4 | 23.00 | 236.00 | 259.00 | OK | |
r-patched-linux-x86_64 | 1.4 | 23.57 | 243.06 | 266.63 | OK | |
r-release-linux-x86_64 | OK | |||||
r-release-macos-arm64 | 1.4 | 108.00 | OK | |||
r-release-macos-x86_64 | 1.4 | 242.00 | OK | |||
r-release-windows-x86_64 | 1.4 | 23.00 | 233.00 | 256.00 | OK | |
r-oldrel-macos-arm64 | 1.4 | 109.00 | OK | |||
r-oldrel-macos-x86_64 | 1.4 | 230.00 | OK | |||
r-oldrel-windows-x86_64 | 1.4 | 29.00 | 285.00 | 314.00 | OK |
Version: 1.4
Check: examples
Result: NOTE
Examples with CPU (user + system) or elapsed time > 5s
user system elapsed
regret 4.091 0.093 5.006
Flavor: r-devel-linux-x86_64-debian-clang
These binaries (installable software) and packages are in development.
They may not be fully stable and should be used with caution. We make no claims about them.