CRAN Package Check Results for Package govStatJPN

Last updated on 2025-11-11 15:50:35 CET.

Flavor Version Tinstall Tcheck Ttotal Status Flags
r-devel-linux-x86_64-debian-clang 0.1 1.62 18.12 19.74 NOTE
r-devel-linux-x86_64-debian-gcc 0.1 1.26 15.27 16.53 NOTE
r-devel-linux-x86_64-fedora-clang 0.1 29.26 NOTE
r-devel-linux-x86_64-fedora-gcc 0.1 26.15 NOTE
r-devel-windows-x86_64 0.1 2.00 36.00 38.00 NOTE
r-patched-linux-x86_64 0.1 1.40 17.11 18.51 NOTE
r-release-linux-x86_64 0.1 1.27 17.05 18.32 NOTE
r-release-macos-arm64 0.1 1.00 13.00 14.00 NOTE
r-release-macos-x86_64 0.1 2.00 20.00 22.00 NOTE
r-release-windows-x86_64 0.1 2.00 33.00 35.00 NOTE
r-oldrel-macos-arm64 0.1 1.00 12.00 13.00 NOTE
r-oldrel-macos-x86_64 0.1 2.00 17.00 19.00 NOTE
r-oldrel-windows-x86_64 0.1 2.00 34.00 36.00 NOTE

Check Details

Version: 0.1
Check: CRAN incoming feasibility
Result: NOTE Maintainer: ‘Yuichiro Otani <yuichiro@otani.co>’ No Authors@R field in DESCRIPTION. Please add one, modifying Authors@R: person(given = "Yuichiro", family = "Otani", role = c("aut", "cre"), email = "yuichiro@otani.co") as necessary. The Description field contains (http://statdb.nstac.go.jp/) Please enclose URLs in angle brackets (<...>). Flavors: r-devel-linux-x86_64-debian-clang, r-devel-linux-x86_64-debian-gcc

Version: 0.1
Check: DESCRIPTION meta-information
Result: NOTE Malformed Description field: should contain one or more complete sentences. Flavors: r-devel-linux-x86_64-debian-clang, r-devel-linux-x86_64-debian-gcc, r-devel-linux-x86_64-fedora-clang, r-devel-linux-x86_64-fedora-gcc, r-devel-windows-x86_64, r-patched-linux-x86_64, r-release-linux-x86_64, r-release-macos-arm64, r-release-macos-x86_64, r-release-windows-x86_64, r-oldrel-macos-arm64, r-oldrel-macos-x86_64, r-oldrel-windows-x86_64

These binaries (installable software) and packages are in development.
They may not be fully stable and should be used with caution. We make no claims about them.