CRAN Package Check Results for Package govdown

Last updated on 2025-10-23 21:51:28 CEST.

Flavor Version Tinstall Tcheck Ttotal Status Flags
r-devel-linux-x86_64-debian-clang 0.10.1 1.75 21.83 23.58 OK
r-devel-linux-x86_64-debian-gcc 0.10.1 1.54 17.95 19.49 OK
r-devel-linux-x86_64-fedora-clang 0.10.1 33.17 OK
r-devel-linux-x86_64-fedora-gcc 0.10.1 31.49 OK
r-devel-windows-x86_64 0.10.1 3.00 39.00 42.00 OK
r-patched-linux-x86_64 0.10.1 1.41 19.63 21.04 OK
r-release-linux-x86_64 0.10.1 1.70 19.70 21.40 OK
r-release-macos-arm64 0.10.1 2.00 17.00 19.00 OK
r-release-macos-x86_64 0.10.1 2.00 26.00 28.00 OK
r-release-windows-x86_64 0.10.1 5.00 41.00 46.00 OK
r-oldrel-macos-arm64 0.10.1 1.00 15.00 16.00 NOTE
r-oldrel-macos-x86_64 0.10.1 2.00 20.00 22.00 NOTE
r-oldrel-windows-x86_64 0.10.1 5.00 46.00 51.00 NOTE

Check Details

Version: 0.10.1
Check: LazyData
Result: NOTE 'LazyData' is specified without a 'data' directory Flavors: r-oldrel-macos-arm64, r-oldrel-macos-x86_64, r-oldrel-windows-x86_64

These binaries (installable software) and packages are in development.
They may not be fully stable and should be used with caution. We make no claims about them.