Last updated on 2024-07-27 15:50:19 CEST.
Flavor | Version | Tinstall | Tcheck | Ttotal | Status | Flags |
---|---|---|---|---|---|---|
r-devel-linux-x86_64-debian-clang | 1.0.3 | 7.98 | 89.71 | 97.69 | OK | |
r-devel-linux-x86_64-debian-gcc | 1.0.3 | NOTE | ||||
r-devel-linux-x86_64-fedora-clang | 1.0.3 | 130.11 | OK | |||
r-devel-linux-x86_64-fedora-gcc | 1.0.3 | 144.51 | OK | |||
r-devel-windows-x86_64 | 1.0.3 | 10.00 | 117.00 | 127.00 | NOTE | |
r-patched-linux-x86_64 | 1.0.3 | OK | ||||
r-release-linux-x86_64 | 1.0.3 | 4.75 | 86.55 | 91.30 | OK | |
r-release-macos-arm64 | 1.0.3 | 58.00 | OK | |||
r-release-macos-x86_64 | 1.0.3 | 93.00 | OK | |||
r-release-windows-x86_64 | 1.0.3 | 8.00 | 118.00 | 126.00 | OK | |
r-oldrel-macos-arm64 | 1.0.3 | 64.00 | OK | |||
r-oldrel-macos-x86_64 | 1.0.3 | 53.00 | OK | |||
r-oldrel-windows-x86_64 | 1.0.3 | 10.00 | 128.00 | 138.00 | OK |
Version: 1.0.3
Check: Rd cross-references
Result: NOTE
Found the following Rd file(s) with Rd \link{} targets missing package
anchors:
createListModularCode.Rd: codeCheck
createListSimpleCode.Rd: codeCheck
goxygen.Rd: codeCheck
Please provide package anchors for all Rd \link{} targets not in the
package itself and the base packages.
Flavors: r-devel-linux-x86_64-debian-gcc, r-devel-windows-x86_64
These binaries (installable software) and packages are in development.
They may not be fully stable and should be used with caution. We make no claims about them.